Last updated on 2025-10-21 09:48:25 CEST.
Flavor | Version | Tinstall | Tcheck | Ttotal | Status | Flags |
---|---|---|---|---|---|---|
r-devel-linux-x86_64-debian-clang | 0.1.4.4 | 182.07 | 202.11 | 384.18 | NOTE | |
r-devel-linux-x86_64-debian-gcc | 0.1.4.4 | 144.17 | 127.92 | 272.09 | NOTE | |
r-devel-linux-x86_64-fedora-clang | 0.1.4.4 | 639.61 | NOTE | |||
r-devel-linux-x86_64-fedora-gcc | 0.1.4.4 | 726.49 | NOTE | |||
r-devel-windows-x86_64 | 0.1.4.4 | 174.00 | 232.00 | 406.00 | NOTE | |
r-patched-linux-x86_64 | 0.1.4.4 | 191.37 | 193.00 | 384.37 | NOTE | |
r-release-linux-x86_64 | 0.1.4.4 | 184.37 | 190.10 | 374.47 | NOTE | |
r-release-macos-arm64 | 0.1.4.4 | 159.00 | NOTE | |||
r-release-macos-x86_64 | 0.1.4.4 | 258.00 | NOTE | |||
r-release-windows-x86_64 | 0.1.4.4 | 197.00 | 258.00 | 455.00 | NOTE | |
r-oldrel-macos-arm64 | 0.1.4.4 | 152.00 | NOTE | |||
r-oldrel-macos-x86_64 | 0.1.4.4 | 197.00 | NOTE | |||
r-oldrel-windows-x86_64 | 0.1.4.4 | 179.00 | 309.00 | 488.00 | NOTE |
Version: 0.1.4.4
Check: CRAN incoming feasibility
Result: NOTE
Maintainer: ‘Cedric Landerer <cedric.landerer@gmail.com>’
No Authors@R field in DESCRIPTION.
Please add one, modifying
Authors@R: c(person(family = "Authors@R",
role = "aut"),
person(given = "Cedric",
family = "Landerer",
role = "cre",
email = "cedric.landerer@gmail.com"))
as necessary.
Flavors: r-devel-linux-x86_64-debian-clang, r-devel-linux-x86_64-debian-gcc
Version: 0.1.4.4
Check: C++ specification
Result: NOTE
Specified C++11: please drop specification unless essential
Flavors: r-devel-linux-x86_64-debian-clang, r-devel-linux-x86_64-debian-gcc, r-devel-linux-x86_64-fedora-clang, r-devel-linux-x86_64-fedora-gcc, r-devel-windows-x86_64, r-patched-linux-x86_64, r-release-linux-x86_64, r-release-macos-arm64, r-release-macos-x86_64, r-release-windows-x86_64, r-oldrel-macos-arm64, r-oldrel-macos-x86_64, r-oldrel-windows-x86_64
Version: 0.1.4.4
Check: HTML version of manual
Result: NOTE
Found the following HTML validation problems:
initMutationCategories.html:48:1 (initMutationCategories.Rd:11): Warning: missing </ul> before </div>
initSelectionCategories.html:48:1 (initSelectionCategories.Rd:11): Warning: missing </ul> before </div>
initializeSynthesisRateByGenome.html:40:1 (initializeSynthesisRateByGenome.Rd:7): Warning: missing </ul> before </div>
initializeSynthesisRateByList.html:40:1 (initializeSynthesisRateByList.Rd:7): Warning: missing </ul> before </div>
initializeSynthesisRateByRandom.html:40:1 (initializeSynthesisRateByRandom.Rd:7): Warning: missing </ul> before </div>
readPhiValue.html:40:1 (readPhiValue.Rd:7): Warning: missing </ul> before </div>
setAdaptiveWidth.html:40:1 (setAdaptiveWidth.Rd:7): Warning: missing </ul> before </div>
setGroupList.html:40:1 (setGroupList.Rd:7): Warning: missing </ul> before </div>
setRestartFileSettings.html:48:1 (setRestartFileSettings.Rd:11): Warning: missing </ul> before </div>
setSamples.html:40:1 (setSamples.Rd:7): Warning: missing </ul> before </div>
setStepsToAdapt.html:40:1 (setStepsToAdapt.Rd:7): Warning: missing </ul> before </div>
setThinning.html:40:1 (setThinning.Rd:7): Warning: missing </ul> before </div>
simulateGenome.html:40:1 (simulateGenome.Rd:7): Warning: missing </ul> before </div>
Flavor: r-devel-linux-x86_64-debian-gcc
Version: 0.1.4.4
Check: installed package size
Result: NOTE
installed size is 27.2Mb
sub-directories of 1Mb or more:
libs 25.7Mb
Flavors: r-oldrel-macos-arm64, r-oldrel-macos-x86_64
Version: 0.1.4.4
Check: LazyData
Result: NOTE
'LazyData' is specified without a 'data' directory
Flavors: r-oldrel-macos-arm64, r-oldrel-macos-x86_64, r-oldrel-windows-x86_64