Last updated on 2025-10-21 09:48:25 CEST.
Flavor | Version | Tinstall | Tcheck | Ttotal | Status | Flags |
---|---|---|---|---|---|---|
r-devel-linux-x86_64-debian-clang | 1.0.2 | 3.53 | 28.11 | 31.64 | OK | |
r-devel-linux-x86_64-debian-gcc | 1.0.2 | 2.49 | 23.00 | 25.49 | NOTE | |
r-devel-linux-x86_64-fedora-clang | 1.0.2 | 46.06 | NOTE | |||
r-devel-linux-x86_64-fedora-gcc | 1.0.2 | 58.23 | NOTE | |||
r-devel-windows-x86_64 | 1.0.2 | 5.00 | 48.00 | 53.00 | OK | |
r-patched-linux-x86_64 | 1.0.2 | 3.68 | 25.43 | 29.11 | OK | |
r-release-linux-x86_64 | 1.0.2 | 3.25 | 25.61 | 28.86 | OK | |
r-release-macos-arm64 | 1.0.2 | 29.00 | OK | |||
r-release-macos-x86_64 | 1.0.2 | 61.00 | OK | |||
r-release-windows-x86_64 | 1.0.2 | 6.00 | 50.00 | 56.00 | OK | |
r-oldrel-macos-arm64 | 1.0.2 | 31.00 | OK | |||
r-oldrel-macos-x86_64 | 1.0.2 | 54.00 | OK | |||
r-oldrel-windows-x86_64 | 1.0.2 | 6.00 | 52.00 | 58.00 | OK |
Version: 1.0.2
Check: HTML version of manual
Result: NOTE
Found the following HTML validation problems:
QueueMessage.html:122:1 (QueueMessage.Rd:79): Warning: <h5> anchor "Usage" already defined
QueueMessage.html:147:1 (QueueMessage.Rd:94): Warning: <h5> anchor "Usage" already defined
QueueMessage.html:153:1 (QueueMessage.Rd:98): Warning: <h5> anchor "Arguments" already defined
QueueMessage.html:168:1 (QueueMessage.Rd:107): Warning: <h5> anchor "Returns" already defined
QueueMessage.html:185:1 (QueueMessage.Rd:116): Warning: <h5> anchor "Usage" already defined
QueueMessage.html:191:1 (QueueMessage.Rd:120): Warning: <h5> anchor "Arguments" already defined
QueueMessage.html:204:1 (QueueMessage.Rd:127): Warning: <h5> anchor "Returns" already defined
QueueMessage.html:221:1 (QueueMessage.Rd:136): Warning: <h5> anchor "Usage" already defined
QueueMessage.html:227:1 (QueueMessage.Rd:140): Warning: <h5> anchor "Arguments" already defined
StorageQueue.html:148:1 (StorageQueue.Rd:113): Warning: <h5> anchor "Usage" already defined
StorageQueue.html:171:1 (StorageQueue.Rd:126): Warning: <h5> anchor "Usage" already defined
StorageQueue.html:177:1 (StorageQueue.Rd:130): Warning: <h5> anchor "Arguments" already defined
StorageQueue.html:190:1 (StorageQueue.Rd:137): Warning: <h5> anchor "Returns" already defined
StorageQueue.html:207:1 (StorageQueue.Rd:146): Warning: <h5> anchor "Usage" already defined
StorageQueue.html:213:1 (StorageQueue.Rd:150): Warning: <h5> anchor "Returns" already defined
StorageQueue.html:230:1 (StorageQueue.Rd:159): Warning: <h5> anchor "Usage" already defined
StorageQueue.html:236:1 (StorageQueue.Rd:163): Warning: <h5> anchor "Returns" already defined
StorageQueue.html:253:1 (StorageQueue.Rd:172): Warning: <h5> anchor "Usage" already defined
StorageQueue.html:259:1 (StorageQueue.Rd:176): Warning: <h5> anchor "Arguments" already defined
StorageQueue.html:274:1 (StorageQueue.Rd:185): Warning: <h5> anchor "Returns" already defined
StorageQueue.html:293:1 (StorageQueue.Rd:196): Warning: <h5> anchor "Usage" already defined
StorageQueue.html:299:1 (StorageQueue.Rd:200): Warning: <h5> anchor "Returns" already defined
StorageQueue.html:318:1 (StorageQueue.Rd:211): Warning: <h5> anchor "Usage" already defined
StorageQueue.html:324:1 (StorageQueue.Rd:215): Warning: <h5> anchor "Arguments" already defined
StorageQueue.html:337:1 (StorageQueue.Rd:222): Warning: <h5> anchor "Returns" already defined
StorageQueue.html:356:1 (StorageQueue.Rd:233): Warning: <h5> anchor "Usage" already defined
StorageQueue.html:362:1 (StorageQueue.Rd:237): Warning: <h5> anchor "Returns" already defined
StorageQueue.html:381:1 (StorageQueue.Rd:248): Warning: <h5> anchor "Usage" already defined
StorageQueue.html:387:1 (StorageQueue.Rd:252): Warning: <h5> anchor "Arguments" already defined
StorageQueue.html:400:1 (StorageQueue.Rd:259): Warning: <h5> anchor "Returns" already defined
StorageQueue.html:417:1 (StorageQueue.Rd:268): Warning: <h5> anchor "Usage" already defined
StorageQueue.html:423:1 (StorageQueue.Rd:272): Warning: <h5> anchor "Returns" already defined
StorageQueue.html:440:1 (StorageQueue.Rd:281): Warning: <h5> anchor "Usage" already defined
StorageQueue.html:446:1 (StorageQueue.Rd:285): Warning: <h5> anchor "Arguments" already defined
StorageQueue.html:459:1 (StorageQueue.Rd:292): Warning: <h5> anchor "Returns" already defined
StorageQueue.html:476:1 (StorageQueue.Rd:301): Warning: <h5> anchor "Usage" already defined
StorageQueue.html:482:1 (StorageQueue.Rd:305): Warning: <h5> anchor "Arguments" already defined
StorageQueue.html:499:1 (StorageQueue.Rd:316): Warning: <h5> anchor "Returns" already defined
StorageQueue.html:518:1 (StorageQueue.Rd:327): Warning: <h5> anchor "Usage" already defined
StorageQueue.html:524:1 (StorageQueue.Rd:331): Warning: <h5> anchor "Arguments" already defined
StorageQueue.html:541:1 (StorageQueue.Rd:342): Warning: <h5> anchor "Returns" already defined
StorageQueue.html:558:1 (StorageQueue.Rd:351): Warning: <h5> anchor "Usage" already defined
StorageQueue.html:564:1 (StorageQueue.Rd:355): Warning: <h5> anchor "Arguments" already defined
StorageQueue.html:587:1 (StorageQueue.Rd:368): Warning: <h5> anchor "Usage" already defined
StorageQueue.html:593:1 (StorageQueue.Rd:372): Warning: <h5> anchor "Arguments" already defined
StorageQueue.html:616:1 (StorageQueue.Rd:385): Warning: <h5> anchor "Usage" already defined
StorageQueue.html:622:1 (StorageQueue.Rd:389): Warning: <h5> anchor "Arguments" already defined
Flavor: r-devel-linux-x86_64-debian-gcc
Version: 1.0.2
Check: dependencies in R code
Result: NOTE
Namespaces in Imports field not imported from:
‘httr’ ‘openssl’
All declared Imports should be used.
Flavors: r-devel-linux-x86_64-fedora-clang, r-devel-linux-x86_64-fedora-gcc