Last updated on 2025-10-22 09:50:27 CEST.
Flavor | Version | Tinstall | Tcheck | Ttotal | Status | Flags |
---|---|---|---|---|---|---|
r-devel-linux-x86_64-debian-clang | 2.2.2 | 6.04 | 38.36 | 44.40 | NOTE | |
r-devel-linux-x86_64-debian-gcc | 2.2.2 | 4.35 | 29.50 | 33.85 | NOTE | |
r-devel-linux-x86_64-fedora-clang | 2.2.2 | 14.00 | 52.87 | 66.87 | OK | |
r-devel-linux-x86_64-fedora-gcc | 2.2.2 | 13.00 | 63.49 | 76.49 | OK | |
r-devel-windows-x86_64 | 2.2.2 | 8.00 | 59.00 | 67.00 | OK | |
r-patched-linux-x86_64 | 2.2.2 | 6.09 | 35.13 | 41.22 | OK | |
r-release-linux-x86_64 | 2.2.2 | 5.64 | 35.26 | 40.90 | OK | |
r-release-macos-arm64 | 2.2.2 | 3.00 | 27.00 | 30.00 | OK | |
r-release-macos-x86_64 | 2.2.2 | 6.00 | 81.00 | 87.00 | OK | |
r-release-windows-x86_64 | 2.2.2 | 10.00 | 62.00 | 72.00 | OK | |
r-oldrel-macos-arm64 | 2.2.2 | 3.00 | 25.00 | 28.00 | OK | |
r-oldrel-macos-x86_64 | 2.2.2 | 5.00 | 55.00 | 60.00 | NOTE | |
r-oldrel-windows-x86_64 | 2.2.2 | 10.00 | 68.00 | 78.00 | OK |
Version: 2.2.2
Check: HTML version of manual
Result: NOTE
Found the following HTML validation problems:
scaleset_options.html:86:1 (scaleset_options.Rd:32): Warning: missing </ul> before </div>
Flavors: r-devel-linux-x86_64-debian-clang, r-devel-linux-x86_64-debian-gcc
Version: 2.2.2
Check: package dependencies
Result: NOTE
Package suggested but not available for checking: ‘AzureKeyVault’
Flavor: r-oldrel-macos-x86_64