Last updated on 2025-10-22 09:50:27 CEST.
Flavor | Version | Tinstall | Tcheck | Ttotal | Status | Flags |
---|---|---|---|---|---|---|
r-devel-linux-x86_64-debian-clang | 2019.10-1 | 3.05 | 297.34 | 300.39 | NOTE | |
r-devel-linux-x86_64-debian-gcc | 2019.10-1 | 1.79 | 238.80 | 240.59 | NOTE | |
r-devel-linux-x86_64-fedora-clang | 2019.10-1 | 446.20 | OK | |||
r-devel-linux-x86_64-fedora-gcc | 2019.10-1 | 476.69 | OK | |||
r-devel-windows-x86_64 | 2019.10-1 | 4.00 | 347.00 | 351.00 | OK | |
r-patched-linux-x86_64 | 2019.10-1 | 3.03 | 290.00 | 293.03 | OK | |
r-release-linux-x86_64 | 2019.10-1 | 2.24 | 285.12 | 287.36 | OK | |
r-release-macos-arm64 | 2019.10-1 | 2.00 | 139.00 | 141.00 | OK | |
r-release-macos-x86_64 | 2019.10-1 | 3.00 | 316.00 | 319.00 | OK | |
r-release-windows-x86_64 | 2019.10-1 | 6.00 | 372.00 | 378.00 | OK | |
r-oldrel-macos-arm64 | 2019.10-1 | 2.00 | 148.00 | 150.00 | OK | |
r-oldrel-macos-x86_64 | 2019.10-1 | 2.00 | 218.00 | 220.00 | OK | |
r-oldrel-windows-x86_64 | 2019.10-1 | 5.00 | 444.00 | 449.00 | OK |
Version: 2019.10-1
Check: CRAN incoming feasibility
Result: NOTE
Maintainer: ‘Paul Gilbert <pgilbert.ttv9z@ncf.ca>’
Package CITATION file contains call(s) to old-style personList() or
as.personList(). Please use c() on person objects instead.
Package CITATION file contains call(s) to old-style citEntry(). Please
use bibentry() instead.
Flavors: r-devel-linux-x86_64-debian-clang, r-devel-linux-x86_64-debian-gcc