Last updated on 2025-10-21 09:48:26 CEST.
Flavor | Version | Tinstall | Tcheck | Ttotal | Status | Flags |
---|---|---|---|---|---|---|
r-devel-linux-x86_64-debian-clang | 1.6.2 | 14.13 | 87.90 | 102.03 | OK | |
r-devel-linux-x86_64-debian-gcc | 1.6.2 | 8.88 | 59.47 | 68.35 | NOTE | |
r-devel-linux-x86_64-fedora-clang | 1.6.2 | 168.96 | NOTE | |||
r-devel-linux-x86_64-fedora-gcc | 1.6.2 | 169.01 | NOTE | |||
r-devel-windows-x86_64 | 1.6.2 | 18.00 | 106.00 | 124.00 | OK | |
r-patched-linux-x86_64 | 1.6.2 | 15.09 | 80.24 | 95.33 | OK | |
r-release-linux-x86_64 | 1.6.2 | 13.11 | 81.44 | 94.55 | OK | |
r-release-macos-arm64 | 1.6.2 | 61.00 | OK | |||
r-release-macos-x86_64 | 1.6.2 | 94.00 | OK | |||
r-release-windows-x86_64 | 1.6.2 | 22.00 | 114.00 | 136.00 | OK | |
r-oldrel-macos-arm64 | 1.6.2 | 54.00 | OK | |||
r-oldrel-macos-x86_64 | 1.6.2 | 93.00 | OK | |||
r-oldrel-windows-x86_64 | 1.6.2 | 26.00 | 131.00 | 157.00 | OK |
Version: 1.6.2
Check: HTML version of manual
Result: NOTE
Found the following HTML validation problems:
dumpEnsCore.html:74:1 (dumpEnsCore.Rd:28): Warning: missing </ul> before </div>
dumpNcbiDb.html:74:1 (dumpNcbiDb.Rd:28): Warning: missing </ul> before </div>
dumpNcbiTax.html:68:1 (dumpNcbiTax.Rd:24): Warning: missing </ul> before </div>
dumpUniprotDb.html:75:1 (dumpUniprotDb.Rd:29): Warning: missing </ul> before </div>
filterByBEID.html:54:1 (filterByBEID.Rd:14): Warning: missing </ul> before </div>
getEnsemblGeneIds.html:75:1 (getEnsemblGeneIds.Rd:27): Warning: missing </ul> before </div>
getEnsemblPeptideIds.html:69:1 (getEnsemblPeptideIds.Rd:23): Warning: missing </ul> before </div>
getEnsemblTranscriptIds.html:69:1 (getEnsemblTranscriptIds.Rd:23): Warning: missing </ul> before </div>
getNcbiGeneTransPep.html:60:1 (getNcbiGeneTransPep.Rd:18): Warning: missing </ul> before </div>
getUniprot.html:60:1 (getUniprot.Rd:18): Warning: missing </ul> before </div>
loadBE.html:81:1 (loadBE.Rd:33): Warning: missing </ul> before </div>
loadBENames.html:56:1 (loadBENames.Rd:16): Warning: missing </ul> before </div>
loadBESymbols.html:56:1 (loadBESymbols.Rd:16): Warning: missing </ul> before </div>
loadBEVersion.html:65:1 (loadBEVersion.Rd:21): Warning: missing </ul> before </div>
loadBeAttribute.html:59:1 (loadBeAttribute.Rd:17): Warning: missing </ul> before </div>
loadCodesFor.html:55:1 (loadCodesFor.Rd:15): Warning: missing </ul> before </div>
loadCorrespondsTo.html:59:1 (loadCorrespondsTo.Rd:17): Warning: missing </ul> before </div>
loadHistory.html:55:1 (loadHistory.Rd:15): Warning: missing </ul> before </div>
loadIsExpressedAs.html:57:1 (loadIsExpressedAs.Rd:17): Warning: missing </ul> before </div>
loadIsHomologOf.html:59:1 (loadIsHomologOf.Rd:17): Warning: missing </ul> before </div>
loadIsTranslatedIn.html:57:1 (loadIsTranslatedIn.Rd:17): Warning: missing </ul> before </div>
loadNCBIEntrezGOFunctions.html:60:1 (loadNCBIEntrezGOFunctions.Rd:18): Warning: missing </ul> before </div>
loadNcbiTax.html:58:1 (loadNcbiTax.Rd:16): Warning: missing </ul> before </div>
loadOrganisms.html:47:1 (loadOrganisms.Rd:11): Warning: missing </ul> before </div>
loadPlf.html:54:1 (loadPlf.Rd:14): Warning: missing </ul> before </div>
loadProbes.html:60:1 (loadProbes.Rd:18): Warning: missing </ul> before </div>
metadata-set.html:51:1 (metadata-set.Rd:13): Warning: missing </ul> before </div>
metadata.html:50:1 (metadata.Rd:12): Warning: missing </ul> before </div>
registerBEDB.html:60:1 (registerBEDB.Rd:18): Warning: missing </ul> before </div>
scope.html:50:1 (scope.Rd:12): Warning: missing </ul> before </div>
setBedVersion.html:51:1 (setBedVersion.Rd:12): Warning: missing </ul> before </div>
Flavors: r-devel-linux-x86_64-debian-gcc, r-devel-linux-x86_64-fedora-clang, r-devel-linux-x86_64-fedora-gcc