Last updated on 2025-10-21 09:48:26 CEST.
Flavor | Version | Tinstall | Tcheck | Ttotal | Status | Flags |
---|---|---|---|---|---|---|
r-devel-linux-x86_64-debian-clang | 1.4.8 | 33.64 | 127.40 | 161.04 | OK | |
r-devel-linux-x86_64-debian-gcc | 1.4.8 | 23.03 | 90.67 | 113.70 | NOTE | |
r-devel-linux-x86_64-fedora-clang | 1.4.8 | 254.84 | OK | |||
r-devel-linux-x86_64-fedora-gcc | 1.4.8 | 235.63 | OK | |||
r-devel-windows-x86_64 | 1.4.8 | 37.00 | 152.00 | 189.00 | OK | |
r-patched-linux-x86_64 | 1.4.8 | 31.32 | 117.47 | 148.79 | OK | |
r-release-linux-x86_64 | 1.4.8 | 33.08 | 117.45 | 150.53 | OK | |
r-release-macos-arm64 | 1.4.8 | 67.00 | OK | |||
r-release-macos-x86_64 | 1.4.8 | 139.00 | OK | |||
r-release-windows-x86_64 | 1.4.8 | 37.00 | 153.00 | 190.00 | OK | |
r-oldrel-macos-arm64 | 1.4.8 | 64.00 | OK | |||
r-oldrel-macos-x86_64 | 1.4.8 | 139.00 | OK | |||
r-oldrel-windows-x86_64 | 1.4.8 | 44.00 | 193.00 | 237.00 | OK |
Version: 1.4.8
Check: HTML version of manual
Result: NOTE
Found the following HTML validation problems:
addCovToFormla.html:48:1 (addCovToFormla.Rd:10): Warning: missing </ul> before </div>
blockBootSample.html:52:1 (blockBootSample.Rd:12): Warning: missing </ul> before </div>
check_staggered_inner.html:51:1 (check_staggered_inner.Rd:13): Warning: missing </ul> before </div>
combineDfs.html:55:1 (combineDfs.Rd:14): Warning: missing </ul> before </div>
compareBinary.html:70:1 (compareBinary.Rd:25): Warning: missing </ul> before </div>
dropCovFromFormla.html:47:1 (dropCovFromFormla.Rd:10): Warning: missing </ul> before </div>
getListElement.html:51:1 (getListElement.Rd:12): Warning: missing </ul> before </div>
getWeightedDf.html:61:1 (getWeightedDf.Rd:18): Warning: missing </ul> before </div>
getWeightedMean.html:56:1 (getWeightedMean.Rd:15): Warning: missing </ul> before </div>
getWeightedQuantiles.html:61:1 (getWeightedQuantiles.Rd:18): Warning: missing </ul> before </div>
get_Yi1.html:65:1 (get_Yi1.Rd:19): Warning: missing </ul> before </div>
get_Yi1_inner.html:62:1 (get_Yi1_inner.Rd:18): Warning: missing </ul> before </div>
get_YiGmin1.html:68:1 (get_YiGmin1.Rd:19): Warning: missing </ul> before </div>
get_YiGmin1_inner.html:63:1 (get_YiGmin1_inner.Rd:18): Warning: missing </ul> before </div>
get_Yibar.html:57:1 (get_Yibar.Rd:15): Warning: missing </ul> before </div>
get_Yibar_inner.html:54:1 (get_Yibar_inner.Rd:14): Warning: missing </ul> before </div>
get_Yibar_pre.html:68:1 (get_Yibar_pre.Rd:19): Warning: missing </ul> before </div>
get_Yibar_pre_inner.html:63:1 (get_Yibar_pre_inner.Rd:18): Warning: missing </ul> before </div>
get_Yit_inner.html:62:1 (get_Yit_inner.Rd:18): Warning: missing </ul> before </div>
get_first_difference.html:62:1 (get_first_difference.Rd:17): Warning: missing </ul> before </div>
get_group.html:60:1 (get_group.Rd:16): Warning: missing </ul> before </div>
get_group_inner.html:55:1 (get_group_inner.Rd:15): Warning: missing </ul> before </div>
get_lagYi.html:66:1 (get_lagYi.Rd:20): Warning: missing </ul> before </div>
id2rownum.html:56:1 (id2rownum.Rd:14): Warning: missing </ul> before </div>
invertEcdf.html:47:1 (invertEcdf.Rd:10): Warning: missing </ul> before </div>
makeBalancedPanel.html:62:1 (makeBalancedPanel.Rd:18): Warning: missing </ul> before </div>
makeDist.html:81:1 (makeDist.Rd:33): Warning: missing </ul> before </div>
orig2t_inner.html:52:1 (orig2t_inner.Rd:12): Warning: missing </ul> before </div>
rhs.vars.html:47:1 (rhs.vars.Rd:10): Warning: missing </ul> before </div>
source_all.html:46:1 (source_all.Rd:10): Warning: missing </ul> before </div>
t2orig_inner.html:51:1 (t2orig_inner.Rd:12): Warning: missing </ul> before </div>
weighted.checkfun.html:60:1 (weighted.checkfun.Rd:17): Warning: missing </ul> before </div>
weighted_quantile_inner.html:60:1 (weighted_quantile_inner.Rd:18): Warning: missing </ul> before </div>
Flavor: r-devel-linux-x86_64-debian-gcc