Last updated on 2025-10-21 09:48:27 CEST.
Flavor | Version | Tinstall | Tcheck | Ttotal | Status | Flags |
---|---|---|---|---|---|---|
r-devel-linux-x86_64-debian-clang | 0.2.3 | 19.51 | 36.04 | 55.55 | OK | |
r-devel-linux-x86_64-debian-gcc | 0.2.3 | 14.00 | 28.70 | 42.70 | NOTE | |
r-devel-linux-x86_64-fedora-clang | 0.2.3 | 91.59 | OK | |||
r-devel-linux-x86_64-fedora-gcc | 0.2.3 | 89.49 | OK | |||
r-devel-windows-x86_64 | 0.2.3 | 26.00 | 72.00 | 98.00 | OK | |
r-patched-linux-x86_64 | 0.2.3 | 21.37 | 33.44 | 54.81 | OK | |
r-release-linux-x86_64 | 0.2.3 | 21.27 | 33.06 | 54.33 | OK | |
r-release-macos-arm64 | 0.2.3 | 46.00 | OK | |||
r-release-macos-x86_64 | 0.2.3 | 46.00 | OK | |||
r-release-windows-x86_64 | 0.2.3 | 26.00 | 71.00 | 97.00 | OK | |
r-oldrel-macos-arm64 | 0.2.3 | 29.00 | OK | |||
r-oldrel-macos-x86_64 | 0.2.3 | 42.00 | OK | |||
r-oldrel-windows-x86_64 | 0.2.3 | 30.00 | 85.00 | 115.00 | OK |
Version: 0.2.3
Check: HTML version of manual
Result: NOTE
Found the following HTML validation problems:
NEWS.html:101:47 (NEWS.Rd:54): Warning: missing </p> before <a>
NEWS.html:101:5 (NEWS.Rd:54): Warning: missing </a> before <a>
NEWS.html:101:129 (NEWS.Rd:54): Warning: inserting implicit <p>
NEWS.html:101:133 (NEWS.Rd:54): Warning: discarding unexpected </a>
NEWS.html:102:47 (NEWS.Rd:54): Warning: missing </p> before <a>
NEWS.html:102:5 (NEWS.Rd:54): Warning: missing </a> before <a>
NEWS.html:102:129 (NEWS.Rd:54): Warning: inserting implicit <p>
NEWS.html:102:133 (NEWS.Rd:54): Warning: discarding unexpected </a>
NEWS.html:103:47 (NEWS.Rd:54): Warning: missing </p> before <a>
NEWS.html:103:5 (NEWS.Rd:54): Warning: missing </a> before <a>
NEWS.html:103:129 (NEWS.Rd:54): Warning: inserting implicit <p>
NEWS.html:103:133 (NEWS.Rd:54): Warning: discarding unexpected </a>
NEWS.html:104:47 (NEWS.Rd:54): Warning: missing </p> before <a>
NEWS.html:104:5 (NEWS.Rd:54): Warning: missing </a> before <a>
NEWS.html:104:129 (NEWS.Rd:54): Warning: inserting implicit <p>
NEWS.html:104:133 (NEWS.Rd:54): Warning: discarding unexpected </a>
NEWS.html:105:47 (NEWS.Rd:54): Warning: missing </p> before <a>
NEWS.html:105:5 (NEWS.Rd:54): Warning: missing </a> before <a>
NEWS.html:105:129 (NEWS.Rd:54): Warning: inserting implicit <p>
NEWS.html:105:133 (NEWS.Rd:54): Warning: discarding unexpected </a>
NEWS.html:106:55 (NEWS.Rd:54): Warning: missing </p> before <a>
NEWS.html:106:5 (NEWS.Rd:54): Warning: missing </a> before <a>
NEWS.html:106:145 (NEWS.Rd:54): Warning: inserting implicit <p>
NEWS.html:106:149 (NEWS.Rd:54): Warning: discarding unexpected </a>
NEWS.html:101:47 (NEWS.Rd:54): Warning: trimming empty <p>
NEWS.html:101:129 (NEWS.Rd:54): Warning: trimming empty <p>
NEWS.html:102:47 (NEWS.Rd:54): Warning: trimming empty <p>
NEWS.html:102:129 (NEWS.Rd:54): Warning: trimming empty <p>
NEWS.html:103:47 (NEWS.Rd:54): Warning: trimming empty <p>
NEWS.html:103:129 (NEWS.Rd:54): Warning: trimming empty <p>
NEWS.html:104:47 (NEWS.Rd:54): Warning: trimming empty <p>
NEWS.html:104:129 (NEWS.Rd:54): Warning: trimming empty <p>
NEWS.html:105:47 (NEWS.Rd:54): Warning: trimming empty <p>
NEWS.html:105:129 (NEWS.Rd:54): Warning: trimming empty <p>
NEWS.html:106:55 (NEWS.Rd:54): Warning: trimming empty <p>
NEWS.html:106:145 (NEWS.Rd:54): Warning: trimming empty <p>
Flavor: r-devel-linux-x86_64-debian-gcc