Last updated on 2025-10-21 09:48:26 CEST.
Flavor | Version | Tinstall | Tcheck | Ttotal | Status | Flags |
---|---|---|---|---|---|---|
r-devel-linux-x86_64-debian-clang | 1.1 | 2.90 | 41.49 | 44.39 | NOTE | |
r-devel-linux-x86_64-debian-gcc | 1.1 | 2.58 | 32.60 | 35.18 | NOTE | |
r-devel-linux-x86_64-fedora-clang | 1.1 | 68.11 | OK | |||
r-devel-linux-x86_64-fedora-gcc | 1.1 | 65.97 | OK | |||
r-devel-windows-x86_64 | 1.1 | 5.00 | 70.00 | 75.00 | OK | |
r-patched-linux-x86_64 | 1.1 | 3.68 | 39.26 | 42.94 | OK | |
r-release-linux-x86_64 | 1.1 | 3.29 | 38.92 | 42.21 | OK | |
r-release-macos-arm64 | 1.1 | 26.00 | OK | |||
r-release-macos-x86_64 | 1.1 | 62.00 | OK | |||
r-release-windows-x86_64 | 1.1 | 4.00 | 71.00 | 75.00 | OK | |
r-oldrel-macos-arm64 | 1.1 | 30.00 | OK | |||
r-oldrel-macos-x86_64 | 1.1 | 41.00 | OK | |||
r-oldrel-windows-x86_64 | 1.1 | 6.00 | 79.00 | 85.00 | OK |
Version: 1.1
Check: CRAN incoming feasibility
Result: NOTE
Maintainer: ‘Li-Syuan Hong <lisyuan@nhri.org.tw>’
No Authors@R field in DESCRIPTION.
Please add one, modifying
Authors@R: person(given = "Li-Syuan",
family = "Hong",
role = c("aut", "cre"),
email = "lisyuan@nhri.org.tw")
as necessary.
Flavors: r-devel-linux-x86_64-debian-clang, r-devel-linux-x86_64-debian-gcc
Version: 1.1
Check: HTML version of manual
Result: NOTE
Found the following HTML validation problems:
M.html:50:1 (M.Rd:12): Warning: missing </ul> before </div>
gen_data.html:58:1 (gen_data.Rd:16): Warning: missing </ul> before </div>
write.BP.html:50:1 (write.BP.Rd:12): Warning: missing </ul> before </div>
write.BPtable.html:50:1 (write.BPtable.Rd:12): Warning: missing </ul> before </div>
Flavor: r-devel-linux-x86_64-debian-gcc