Last updated on 2025-10-21 09:48:26 CEST.
Flavor | Version | Tinstall | Tcheck | Ttotal | Status | Flags |
---|---|---|---|---|---|---|
r-devel-linux-x86_64-debian-clang | 2.1.0 | 46.66 | 147.87 | 194.53 | OK | |
r-devel-linux-x86_64-debian-gcc | 2.1.1 | 30.31 | 83.45 | 113.76 | NOTE | |
r-devel-linux-x86_64-fedora-clang | 2.1.1 | 261.30 | OK | |||
r-devel-linux-x86_64-fedora-gcc | 2.1.1 | 284.70 | NOTE | |||
r-devel-windows-x86_64 | 2.1.1 | 47.00 | 161.00 | 208.00 | OK | |
r-patched-linux-x86_64 | 2.1.0 | 42.46 | 127.53 | 169.99 | OK | |
r-release-linux-x86_64 | 2.1.1 | 43.28 | 102.19 | 145.47 | OK | |
r-release-macos-arm64 | 2.1.1 | 76.00 | OK | |||
r-release-macos-x86_64 | 2.1.1 | 151.00 | OK | |||
r-release-windows-x86_64 | 2.1.0 | 49.00 | 171.00 | 220.00 | OK | |
r-oldrel-macos-arm64 | 2.1.1 | 81.00 | NOTE | |||
r-oldrel-macos-x86_64 | 2.1.1 | 177.00 | NOTE | |||
r-oldrel-windows-x86_64 | 2.1.1 | 52.00 | 179.00 | 231.00 | OK |
Version: 2.1.1
Check: HTML version of manual
Result: NOTE
Found the following HTML validation problems:
ClustCpObj.html:108:1 (ClustCpObj.Rd:48): Warning: missing </ul> before </div>
DetectCpObj.html:118:1 (DetectCpObj.Rd:54): Warning: missing </ul> before </div>
Flavors: r-devel-linux-x86_64-debian-gcc, r-devel-linux-x86_64-fedora-gcc
Version: 2.1.1
Check: installed package size
Result: NOTE
installed size is 6.8Mb
sub-directories of 1Mb or more:
libs 6.5Mb
Flavors: r-oldrel-macos-arm64, r-oldrel-macos-x86_64