Last updated on 2025-10-21 09:48:26 CEST.
Flavor | Version | Tinstall | Tcheck | Ttotal | Status | Flags |
---|---|---|---|---|---|---|
r-devel-linux-x86_64-debian-clang | 0.6-1 | 6.93 | 65.50 | 72.43 | OK | |
r-devel-linux-x86_64-debian-gcc | 0.6-1 | 5.35 | 47.86 | 53.21 | NOTE | |
r-devel-linux-x86_64-fedora-clang | 0.6-1 | 110.66 | OK | |||
r-devel-linux-x86_64-fedora-gcc | 0.6-1 | 124.26 | OK | |||
r-devel-windows-x86_64 | 0.6-1 | 12.00 | 89.00 | 101.00 | OK | |
r-patched-linux-x86_64 | 0.6-1 | 8.51 | 61.73 | 70.24 | OK | |
r-release-linux-x86_64 | 0.6-1 | 7.40 | 62.72 | 70.12 | OK | |
r-release-macos-arm64 | 0.6-1 | 47.00 | OK | |||
r-release-macos-x86_64 | 0.6-1 | 87.00 | OK | |||
r-release-windows-x86_64 | 0.6-1 | 11.00 | 93.00 | 104.00 | OK | |
r-oldrel-macos-arm64 | 0.6-1 | 44.00 | OK | |||
r-oldrel-macos-x86_64 | 0.6-1 | 103.00 | OK | |||
r-oldrel-windows-x86_64 | 0.6-1 | 15.00 | 107.00 | 122.00 | OK |
Version: 0.6-1
Check: top-level files
Result: NOTE
Found the following validation problem for the NEWS.Rd HTML conversion:
NEWS.html:68:1 (inst/NEWS.Rd:32): Warning: <h4> anchor "New-Features" already defined
NEWS.html:103:1 (inst/NEWS.Rd:55): Warning: <h4> anchor "Bug-Fixes" already defined
NEWS.html:139:1 (inst/NEWS.Rd:79): Warning: <h4> anchor "Bug-Fixes" already defined
NEWS.html:155:1 (inst/NEWS.Rd:88): Warning: <h4> anchor "New-Features" already defined
NEWS.html:166:1 (inst/NEWS.Rd:93): Warning: <h4> anchor "Bug-Fixes" already defined
NEWS.html:186:1 (inst/NEWS.Rd:104): Warning: <h4> anchor "New-Features" already defined
Flavor: r-devel-linux-x86_64-debian-gcc