Last updated on 2025-10-22 09:50:27 CEST.
Flavor | Version | Tinstall | Tcheck | Ttotal | Status | Flags |
---|---|---|---|---|---|---|
r-devel-linux-x86_64-debian-clang | 1.1-13 | 36.78 | 59.81 | 96.59 | NOTE | |
r-devel-linux-x86_64-debian-gcc | 1.1-13 | 29.03 | 43.58 | 72.61 | NOTE | |
r-devel-linux-x86_64-fedora-clang | 1.1-13 | 70.00 | 82.32 | 152.32 | OK | |
r-devel-linux-x86_64-fedora-gcc | 1.1-13 | 93.00 | 62.48 | 155.48 | OK | |
r-devel-windows-x86_64 | 1.1-13 | 64.00 | 89.00 | 153.00 | OK | |
r-patched-linux-x86_64 | 1.1-13 | 40.54 | 55.45 | 95.99 | OK | |
r-release-linux-x86_64 | 1.1-13 | 38.31 | 56.36 | 94.67 | OK | |
r-release-macos-arm64 | 1.1-13 | 18.00 | 30.00 | 48.00 | OK | |
r-release-macos-x86_64 | 1.1-13 | 32.00 | 63.00 | 95.00 | OK | |
r-release-windows-x86_64 | 1.1-13 | 64.00 | 88.00 | 152.00 | OK | |
r-oldrel-macos-arm64 | 1.1-13 | 18.00 | 30.00 | 48.00 | OK | |
r-oldrel-macos-x86_64 | 1.1-13 | 18.00 | 43.00 | 61.00 | OK | |
r-oldrel-windows-x86_64 | 1.1-13 | 74.00 | 109.00 | 183.00 | OK |
Version: 1.1-13
Check: HTML version of manual
Result: NOTE
Found the following HTML validation problems:
BigQuic.select.html:83:1 (BigQuic.select.Rd:34): Warning: missing </ul> before </div>
generate_sample.html:62:1 (generate_sample.Rd:22): Warning: missing </ul> before </div>
plot.BigQuic_object.html:63:1 (plot.BigQuic_object.Rd:27): Warning: missing </ul> before </div>
Flavors: r-devel-linux-x86_64-debian-clang, r-devel-linux-x86_64-debian-gcc