CRAN Package Check Results for Package CALF

Last updated on 2025-10-22 09:50:28 CEST.

Flavor Version Tinstall Tcheck Ttotal Status Flags
r-devel-linux-x86_64-debian-clang 1.0.17 6.76 68.11 74.87 NOTE
r-devel-linux-x86_64-debian-gcc 1.0.17 4.20 47.51 51.71 NOTE
r-devel-linux-x86_64-fedora-clang 1.0.17 13.00 99.14 112.14 OK
r-devel-linux-x86_64-fedora-gcc 1.0.17 16.00 92.33 108.33 OK
r-devel-windows-x86_64 1.0.17 8.00 73.00 81.00 OK
r-patched-linux-x86_64 1.0.17 6.39 64.20 70.59 OK
r-release-linux-x86_64 1.0.17 5.95 63.52 69.47 OK
r-release-macos-arm64 1.0.17 3.00 27.00 30.00 OK
r-release-macos-x86_64 1.0.17 5.00 45.00 50.00 OK
r-release-windows-x86_64 1.0.17 8.00 75.00 83.00 OK
r-oldrel-macos-arm64 1.0.17 3.00 27.00 30.00 OK
r-oldrel-macos-x86_64 1.0.17 4.00 37.00 41.00 OK
r-oldrel-windows-x86_64 1.0.17 10.00 93.00 103.00 OK

Check Details

Version: 1.0.17
Check: CRAN incoming feasibility
Result: NOTE Maintainer: ‘John Ford <JoRuFo@gmail.com>’ No Authors@R field in DESCRIPTION. Please add one, modifying Authors@R: c(person(given = "Stephanie", family = "Lane", role = c("aut", "cre")), person(given = "John", family = "Ford", role = c("aut", "cre"), email = "jorufo@gmail.com"), person(given = "Clark", family = "Jeffries", role = "aut"), person(given = "Diana", family = "Perkins", role = "aut")) as necessary. Flavors: r-devel-linux-x86_64-debian-clang, r-devel-linux-x86_64-debian-gcc

Version: 1.0.17
Check: HTML version of manual
Result: NOTE Found the following HTML validation problems: write.calf.html:50:1 (write.calf.Rd:12): Warning: missing </ul> before </div> write.calf_randomize.html:50:1 (write.calf_randomize.Rd:12): Warning: missing </ul> before </div> write.calf_subset.html:50:1 (write.calf_subset.Rd:12): Warning: missing </ul> before </div> Flavors: r-devel-linux-x86_64-debian-clang, r-devel-linux-x86_64-debian-gcc