CRAN Package Check Results for Package CJAMP

Last updated on 2025-07-04 09:49:47 CEST.

Flavor Version Tinstall Tcheck Ttotal Status Flags
r-devel-linux-x86_64-debian-clang 0.1.1 3.06 109.05 112.11 NOTE
r-devel-linux-x86_64-debian-gcc 0.1.1 2.35 68.92 71.27 NOTE
r-devel-linux-x86_64-fedora-clang 0.1.1 185.56 OK
r-devel-linux-x86_64-fedora-gcc 0.1.1 194.16 OK
r-devel-windows-x86_64 0.1.1 4.00 131.00 135.00 OK
r-patched-linux-x86_64 0.1.1 3.46 105.01 108.47 OK
r-release-linux-x86_64 0.1.1 2.76 104.20 106.96 OK
r-release-macos-arm64 0.1.1 55.00 OK
r-release-macos-x86_64 0.1.1 128.00 OK
r-release-windows-x86_64 0.1.1 5.00 130.00 135.00 OK
r-oldrel-macos-arm64 0.1.1 57.00 NOTE
r-oldrel-macos-x86_64 0.1.1 86.00 NOTE
r-oldrel-windows-x86_64 0.1.1 4.00 163.00 167.00 NOTE

Check Details

Version: 0.1.1
Check: CRAN incoming feasibility
Result: NOTE Maintainer: ‘Stefan Konigorski <stefan.konigorski@gmail.com>’ Package CITATION file contains call(s) to old-style citEntry(). Please use bibentry() instead. Flavors: r-devel-linux-x86_64-debian-clang, r-devel-linux-x86_64-debian-gcc

Version: 0.1.1
Check: LazyData
Result: NOTE 'LazyData' is specified without a 'data' directory Flavors: r-oldrel-macos-arm64, r-oldrel-macos-x86_64, r-oldrel-windows-x86_64