Last updated on 2025-10-21 09:48:28 CEST.
Flavor | Version | Tinstall | Tcheck | Ttotal | Status | Flags |
---|---|---|---|---|---|---|
r-devel-linux-x86_64-debian-clang | 0.3.2 | 19.66 | 327.40 | 347.06 | NOTE | |
r-devel-linux-x86_64-debian-gcc | 0.3.2 | 11.97 | 257.10 | 269.07 | NOTE | |
r-devel-linux-x86_64-fedora-clang | 0.3.2 | 266.99 | NOTE | |||
r-devel-linux-x86_64-fedora-gcc | 0.3.2 | 262.87 | NOTE | |||
r-devel-windows-x86_64 | 0.3.2 | 22.00 | 311.00 | 333.00 | NOTE | |
r-patched-linux-x86_64 | 0.3.2 | 18.64 | 339.67 | 358.31 | NOTE | |
r-release-linux-x86_64 | 0.3.2 | 19.73 | 336.49 | 356.22 | NOTE | |
r-release-macos-arm64 | 0.3.2 | 173.00 | NOTE | |||
r-release-macos-x86_64 | 0.3.2 | 351.00 | NOTE | |||
r-release-windows-x86_64 | 0.3.2 | 21.00 | 305.00 | 326.00 | NOTE | |
r-oldrel-macos-arm64 | 0.3.2 | 118.00 | OK | |||
r-oldrel-macos-x86_64 | 0.3.2 | 194.00 | OK | |||
r-oldrel-windows-x86_64 | 0.3.2 | 30.00 | 399.00 | 429.00 | OK |
Version: 0.3.2
Check: DESCRIPTION meta-information
Result: NOTE
Missing dependency on R >= 4.1.0 because package code uses the pipe
|> or function shorthand \(...) syntax added in R 4.1.0.
File(s) using such syntax:
‘CRMetrics.R’ ‘CRMetrics.Rd’ ‘inner_functions.R’
Flavors: r-devel-linux-x86_64-debian-clang, r-devel-linux-x86_64-debian-gcc, r-devel-linux-x86_64-fedora-clang, r-devel-linux-x86_64-fedora-gcc, r-devel-windows-x86_64, r-patched-linux-x86_64, r-release-linux-x86_64, r-release-macos-arm64, r-release-windows-x86_64
Version: 0.3.2
Check: HTML version of manual
Result: NOTE
Found the following HTML validation problems:
CRMetrics.html:264:1 (CRMetrics.Rd:795): Warning: <h5> anchor "Usage" already defined
CRMetrics.html:275:1 (CRMetrics.Rd:804): Warning: <h5> anchor "Arguments" already defined
CRMetrics.html:294:1 (CRMetrics.Rd:817): Warning: <h5> anchor "Returns" already defined
CRMetrics.html:301:1 (CRMetrics.Rd:820): Warning: <h5> anchor "Examples" already defined
CRMetrics.html:333:1 (CRMetrics.Rd:847): Warning: <h5> anchor "Usage" already defined
CRMetrics.html:339:1 (CRMetrics.Rd:851): Warning: <h5> anchor "Arguments" already defined
CRMetrics.html:354:1 (CRMetrics.Rd:860): Warning: <h5> anchor "Returns" already defined
CRMetrics.html:361:1 (CRMetrics.Rd:863): Warning: <h5> anchor "Examples" already defined
CRMetrics.html:396:1 (CRMetrics.Rd:893): Warning: <h5> anchor "Usage" already defined
CRMetrics.html:409:1 (CRMetrics.Rd:904): Warning: <h5> anchor "Arguments" already defined
CRMetrics.html:432:1 (CRMetrics.Rd:921): Warning: <h5> anchor "Returns" already defined
CRMetrics.html:439:1 (CRMetrics.Rd:924): Warning: <h5> anchor "Examples" already defined
CRMetrics.html:479:1 (CRMetrics.Rd:959): Warning: <h5> anchor "Usage" already defined
CRMetrics.html:500:1 (CRMetrics.Rd:978): Warning: <h5> anchor "Arguments" already defined
CRMetrics.html:539:1 (CRMetrics.Rd:1011): Warning: <h5> anchor "Returns" already defined
CRMetrics.html:546:1 (CRMetrics.Rd:1014): Warning: <h5> anchor "Examples" already defined
CRMetrics.html:582:1 (CRMetrics.Rd:1045): Warning: <h5> anchor "Usage" already defined
CRMetrics.html:596:1 (CRMetrics.Rd:1057): Warning: <h5> anchor "Arguments" already defined
CRMetrics.html:623:1 (CRMetrics.Rd:1078): Warning: <h5> anchor "Returns" already defined
CRMetrics.html:630:1 (CRMetrics.Rd:1081): Warning: <h5> anchor "Examples" already defined
CRMetrics.html:667:1 (CRMetrics.Rd:1113): Warning: <h5> anchor "Usage" already defined
CRMetrics.html:685:1 (CRMetrics.Rd:1129): Warning: <h5> anchor "Arguments" already defined
CRMetrics.html:718:1 (CRMetrics.Rd:1156): Warning: <h5> anchor "Returns" already defined
CRMetrics.html:725:1 (CRMetrics.Rd:1159): Warning: <h5> anchor "Examples" already defined
CRMetrics.html:770:1 (CRMetrics.Rd:1199): Warning: <h5> anchor "Usage" already defined
CRMetrics.html:782:1 (CRMetrics.Rd:1209): Warning: <h5> anchor "Arguments" already defined
CRMetrics.html:803:1 (CRMetrics.Rd:1224): Warning: <h5> anchor "Returns" already defined
CRMetrics.html:810:1 (CRMetrics.Rd:1227): Warning: <h5> anchor "Examples" already defined
CRMetrics.html:856:1 (CRMetrics.Rd:1268): Warning: <h5> anchor "Usage" already defined
CRMetrics.html:869:1 (CRMetrics.Rd:1279): Warning: <h5> anchor "Arguments" already defined
CRMetrics.html:892:1 (CRMetrics.Rd:1296): Warning: <h5> anchor "Returns" already defined
CRMetrics.html:899:1 (CRMetrics.Rd:1299): Warning: <h5> anchor "Examples" already defined
CRMetrics.html:945:1 (CRMetrics.Rd:1340): Warning: <h5> anchor "Usage" already defined
CRMetrics.html:962:1 (CRMetrics.Rd:1355): Warning: <h5> anchor "Arguments" already defined
CRMetrics.html:993:1 (CRMetrics.Rd:1380): Warning: <h5> anchor "Returns" already defined
CRMetrics.html:1000:1 (CRMetrics.Rd:1383): Warning: <h5> anchor "Examples" already defined
CRMetrics.html:1036:1 (CRMetrics.Rd:1414): Warning: <h5> anchor "Usage" already defined
CRMetrics.html:1053:1 (CRMetrics.Rd:1429): Warning: <h5> anchor "Arguments" already defined
CRMetrics.html:1084:1 (CRMetrics.Rd:1454): Warning: <h5> anchor "Returns" already defined
CRMetrics.html:1091:1 (CRMetrics.Rd:1457): Warning: <h5> anchor "Examples" already defined
CRMetrics.html:1129:1 (CRMetrics.Rd:1490): Warning: <h5> anchor "Usage" already defined
CRMetrics.html:1142:1 (CRMetrics.Rd:1501): Warning: <h5> anchor "Arguments" already defined
CRMetrics.html:1165:1 (CRMetrics.Rd:1518): Warning: <h5> anchor "Returns" already defined
CRMetrics.html:1172:1 (CRMetrics.Rd:1521): Warning: <h5> anchor "Examples" already defined
CRMetrics.html:1215:1 (CRMetrics.Rd:1559): Warning: <h5> anchor "Usage" already defined
CRMetrics.html:1230:1 (CRMetrics.Rd:1572): Warning: <h5> anchor "Arguments" already defined
CRMetrics.html:1257:1 (CRMetrics.Rd:1593): Warning: <h5> anchor "Returns" already defined
CRMetrics.html:1264:1 (CRMetrics.Rd:1596): Warning: <h5> anchor "Examples" already defined
CRMetrics.html:1311:1 (CRMetrics.Rd:1638): Warning: <h5> anchor "Usage" already defined
CRMetrics.html:1317:1 (CRMetrics.Rd:1642): Warning: <h5> anchor "Arguments" already defined
CRMetrics.html:1330:1 (CRMetrics.Rd:1649): Warning: <h5> anchor "Returns" already defined
CRMetrics.html:1337:1 (CRMetrics.Rd:1652): Warning: <h5> anchor "Examples" already defined
CRMetrics.html:1370:1 (CRMetrics.Rd:1680): Warning: <h5> anchor "Usage" already defined
CRMetrics.html:1388:1 (CRMetrics.Rd:1696): Warning: <h5> anchor "Arguments" already defined
CRMetrics.html:1421:1 (CRMetrics.Rd:1723): Warning: <h5> anchor "Returns" already defined
CRMetrics.html:1428:1 (CRMetrics.Rd:1726): Warning: <h5> anchor "Examples" already defined
CRMetrics.html:1475:1 (CRMetrics.Rd:1768): Warning: <h5> anchor "Usage" already defined
CRMetrics.html:1481:1 (CRMetrics.Rd:1772): Warning: <h5> anchor "Arguments" already defined
CRMetrics.html:1494:1 (CRMetrics.Rd:1779): Warning: <h5> anchor "Returns" already defined
CRMetrics.html:1501:1 (CRMetrics.Rd:1782): Warning: <h5> anchor "Examples" already defined
CRMetrics.html:1547:1 (CRMetrics.Rd:1823): Warning: <h5> anchor "Usage" already defined
CRMetrics.html:1553:1 (CRMetrics.Rd:1827): Warning: <h5> anchor "Arguments" already defined
CRMetrics.html:1568:1 (CRMetrics.Rd:1836): Warning: <h5> anchor "Returns" already defined
CRMetrics.html:1575:1 (CRMetrics.Rd:1839): Warning: <h5> anchor "Examples" already defined
CRMetrics.html:1621:1 (CRMetrics.Rd:1880): Warning: <h5> anchor "Usage" already defined
CRMetrics.html:1641:1 (CRMetrics.Rd:1898): Warning: <h5> anchor "Arguments" already defined
CRMetrics.html:1678:1 (CRMetrics.Rd:1929): Warning: <h5> anchor "Returns" already defined
CRMetrics.html:1685:1 (CRMetrics.Rd:1932): Warning: <h5> anchor "Examples" already defined
CRMetrics.html:1705:1 (CRMetrics.Rd:1948): Warning: <h5> anchor "Usage" already defined
CRMetrics.html:1721:1 (CRMetrics.Rd:1962): Warning: <h5> anchor "Arguments" already defined
CRMetrics.html:1750:1 (CRMetrics.Rd:1985): Warning: <h5> anchor "Returns" already defined
CRMetrics.html:1757:1 (CRMetrics.Rd:1988): Warning: <h5> anchor "Examples" already defined
CRMetrics.html:1780:1 (CRMetrics.Rd:2006): Warning: <h5> anchor "Usage" already defined
CRMetrics.html:1786:1 (CRMetrics.Rd:2010): Warning: <h5> anchor "Arguments" already defined
CRMetrics.html:1799:1 (CRMetrics.Rd:2017): Warning: <h5> anchor "Returns" already defined
CRMetrics.html:1806:1 (CRMetrics.Rd:2020): Warning: <h5> anchor "Examples" already defined
CRMetrics.html:1841:1 (CRMetrics.Rd:2050): Warning: <h5> anchor "Usage" already defined
CRMetrics.html:1847:1 (CRMetrics.Rd:2054): Warning: <h5> anchor "Arguments" already defined
CRMetrics.html:1862:1 (CRMetrics.Rd:2063): Warning: <h5> anchor "Returns" already defined
CRMetrics.html:1869:1 (CRMetrics.Rd:2066): Warning: <h5> anchor "Examples" already defined
CRMetrics.html:1904:1 (CRMetrics.Rd:2096): Warning: <h5> anchor "Usage" already defined
CRMetrics.html:1922:1 (CRMetrics.Rd:2112): Warning: <h5> anchor "Arguments" already defined
CRMetrics.html:1955:1 (CRMetrics.Rd:2139): Warning: <h5> anchor "Returns" already defined
CRMetrics.html:1962:1 (CRMetrics.Rd:2142): Warning: <h5> anchor "Examples" already defined
CRMetrics.html:1994:1 (CRMetrics.Rd:2169): Warning: <h5> anchor "Usage" already defined
CRMetrics.html:2004:1 (CRMetrics.Rd:2177): Warning: <h5> anchor "Arguments" already defined
CRMetrics.html:2021:1 (CRMetrics.Rd:2188): Warning: <h5> anchor "Returns" already defined
CRMetrics.html:2028:1 (CRMetrics.Rd:2191): Warning: <h5> anchor "Examples" already defined
CRMetrics.html:2053:1 (CRMetrics.Rd:2211): Warning: <h5> anchor "Usage" already defined
CRMetrics.html:2064:1 (CRMetrics.Rd:2220): Warning: <h5> anchor "Arguments" already defined
CRMetrics.html:2083:1 (CRMetrics.Rd:2233): Warning: <h5> anchor "Returns" already defined
CRMetrics.html:2090:1 (CRMetrics.Rd:2236): Warning: <h5> anchor "Examples" already defined
CRMetrics.html:2115:1 (CRMetrics.Rd:2256): Warning: <h5> anchor "Usage" already defined
CRMetrics.html:2125:1 (CRMetrics.Rd:2264): Warning: <h5> anchor "Arguments" already defined
CRMetrics.html:2142:1 (CRMetrics.Rd:2275): Warning: <h5> anchor "Returns" already defined
CRMetrics.html:2149:1 (CRMetrics.Rd:2278): Warning: <h5> anchor "Examples" already defined
CRMetrics.html:2174:1 (CRMetrics.Rd:2298): Warning: <h5> anchor "Usage" already defined
CRMetrics.html:2185:1 (CRMetrics.Rd:2307): Warning: <h5> anchor "Arguments" already defined
CRMetrics.html:2204:1 (CRMetrics.Rd:2320): Warning: <h5> anchor "Returns" already defined
CRMetrics.html:2211:1 (CRMetrics.Rd:2323): Warning: <h5> anchor "Examples" already defined
CRMetrics.html:2236:1 (CRMetrics.Rd:2343): Warning: <h5> anchor "Usage" already defined
CRMetrics.html:2246:1 (CRMetrics.Rd:2351): Warning: <h5> anchor "Arguments" already defined
CRMetrics.html:2263:1 (CRMetrics.Rd:2362): Warning: <h5> anchor "Returns" already defined
CRMetrics.html:2270:1 (CRMetrics.Rd:2365): Warning: <h5> anchor "Examples" already defined
CRMetrics.html:2302:1 (CRMetrics.Rd:2392): Warning: <h5> anchor "Usage" already defined
CRMetrics.html:2316:1 (CRMetrics.Rd:2404): Warning: <h5> anchor "Arguments" already defined
CRMetrics.html:2341:1 (CRMetrics.Rd:2423): Warning: <h5> anchor "Returns" already defined
CRMetrics.html:2348:1 (CRMetrics.Rd:2426): Warning: <h5> anchor "Examples" already defined
CRMetrics.html:2370:1 (CRMetrics.Rd:2443): Warning: <h5> anchor "Usage" already defined
CRMetrics.html:2376:1 (CRMetrics.Rd:2447): Warning: <h5> anchor "Arguments" already defined
CRMetrics.html:2389:1 (CRMetrics.Rd:2454): Warning: <h5> anchor "Returns" already defined
CRMetrics.html:2396:1 (CRMetrics.Rd:2457): Warning: <h5> anchor "Examples" already defined
CRMetrics.html:2419:1 (CRMetrics.Rd:2475): Warning: <h5> anchor "Usage" already defined
CRMetrics.html:2429:1 (CRMetrics.Rd:2483): Warning: <h5> anchor "Arguments" already defined
CRMetrics.html:2446:1 (CRMetrics.Rd:2494): Warning: <h5> anchor "Returns" already defined
CRMetrics.html:2453:1 (CRMetrics.Rd:2497): Warning: <h5> anchor "Examples" already defined
CRMetrics.html:2478:1 (CRMetrics.Rd:2517): Warning: <h5> anchor "Usage" already defined
CRMetrics.html:2490:1 (CRMetrics.Rd:2527): Warning: <h5> anchor "Arguments" already defined
CRMetrics.html:2511:1 (CRMetrics.Rd:2542): Warning: <h5> anchor "Returns" already defined
CRMetrics.html:2518:1 (CRMetrics.Rd:2545): Warning: <h5> anchor "Examples" already defined
CRMetrics.html:2542:1 (CRMetrics.Rd:2564): Warning: <h5> anchor "Usage" already defined
CRMetrics.html:2548:1 (CRMetrics.Rd:2568): Warning: <h5> anchor "Arguments" already defined
checkDataPath.html:46:1 (checkDataPath.Rd:10): Warning: missing </ul> before </div>
createUniqueCellNames.html:54:1 (createUniqueCellNames.Rd:14): Warning: missing </ul> before </div>
filterVector.html:62:1 (filterVector.Rd:18): Warning: missing </ul> before </div>
getH5Paths.html:54:1 (getH5Paths.Rd:14): Warning: missing </ul> before </div>
Flavors: r-devel-linux-x86_64-debian-gcc, r-devel-linux-x86_64-fedora-gcc
Version: 0.3.2
Check: DESCRIPTION meta-information
Result: NOTE
Missing dependency on R >= 4.1.0 because package code uses the pipe
|> or function shorthand \(...) syntax added in R 4.1.0.
File(s) using such syntax:
‘CRMetrics.R’ ‘inner_functions.R’
Flavor: r-release-macos-x86_64