Last updated on 2025-10-22 09:50:30 CEST.
Flavor | Version | Tinstall | Tcheck | Ttotal | Status | Flags |
---|---|---|---|---|---|---|
r-devel-linux-x86_64-debian-clang | 0.1.2 | 16.31 | 259.74 | 276.05 | OK | |
r-devel-linux-x86_64-debian-gcc | 0.1.2 | 15.19 | 178.86 | 194.05 | OK | |
r-devel-linux-x86_64-fedora-clang | 0.1.2 | 134.00 | 270.41 | 404.41 | NOTE | |
r-devel-linux-x86_64-fedora-gcc | 0.1.2 | 146.00 | 297.45 | 443.45 | OK | |
r-devel-windows-x86_64 | 0.1.2 | 22.00 | 226.00 | 248.00 | OK | |
r-patched-linux-x86_64 | 0.1.2 | 17.67 | 244.18 | 261.85 | OK | |
r-release-linux-x86_64 | 0.1.2 | 18.06 | 242.54 | 260.60 | OK | |
r-release-macos-arm64 | 0.1.2 | 8.00 | 102.00 | 110.00 | OK | |
r-release-macos-x86_64 | 0.1.2 | 16.00 | 172.00 | 188.00 | OK | |
r-release-windows-x86_64 | 0.1.2 | 21.00 | 223.00 | 244.00 | OK | |
r-oldrel-macos-arm64 | 0.1.2 | 8.00 | 89.00 | 97.00 | OK | |
r-oldrel-macos-x86_64 | 0.1.2 | 12.00 | 129.00 | 141.00 | OK | |
r-oldrel-windows-x86_64 | 0.1.2 | 29.00 | 303.00 | 332.00 | OK |
Version: 0.1.2
Check: dependencies in R code
Result: NOTE
Failed to query server: Connection timed out
Flavor: r-devel-linux-x86_64-fedora-clang