Last updated on 2025-10-22 09:50:30 CEST.
Flavor | Version | Tinstall | Tcheck | Ttotal | Status | Flags |
---|---|---|---|---|---|---|
r-devel-linux-x86_64-debian-clang | 1.1.5 | 9.24 | 262.60 | 271.84 | NOTE | |
r-devel-linux-x86_64-debian-gcc | 1.1.5 | 6.36 | 159.03 | 165.39 | NOTE | |
r-devel-linux-x86_64-fedora-clang | 1.1.5 | 20.00 | 419.47 | 439.47 | OK | |
r-devel-linux-x86_64-fedora-gcc | 1.1.5 | 20.00 | 428.47 | 448.47 | OK | |
r-devel-windows-x86_64 | 1.1.5 | 9.00 | 283.00 | 292.00 | OK | |
r-patched-linux-x86_64 | 1.1.5 | 11.02 | 257.42 | 268.44 | OK | |
r-release-linux-x86_64 | 1.1.5 | 9.50 | 257.14 | 266.64 | OK | |
r-release-macos-arm64 | 1.1.5 | 3.00 | 96.00 | 99.00 | OK | |
r-release-macos-x86_64 | 1.1.5 | 8.00 | 246.00 | 254.00 | OK | |
r-release-windows-x86_64 | 1.1.5 | 10.00 | 307.00 | 317.00 | OK | |
r-oldrel-macos-arm64 | 1.1.5 | 4.00 | 97.00 | 101.00 | OK | |
r-oldrel-macos-x86_64 | 1.1.5 | 10.00 | 386.00 | 396.00 | OK | |
r-oldrel-windows-x86_64 | 1.1.5 | 13.00 | 384.00 | 397.00 | OK |
Version: 1.1.5
Check: HTML version of manual
Result: NOTE
Found the following HTML validation problems:
Q2gecub.html:51:1 (Q2gecub.Rd:12): Warning: missing </ul> before </div>
Qunogecub.html:55:1 (Qunogecub.Rd:14): Warning: missing </ul> before </div>
effecubecsi.html:60:1 (effecubecsi.Rd:17): Warning: missing </ul> before </div>
ellegecub.html:74:1 (ellegecub.Rd:24): Warning: missing </ul> before </div>
kkk.html:52:1 (kkk.Rd:12): Warning: missing </ul> before </div>
loglikcub00.html:59:1 (loglikcub00.Rd:16): Warning: missing </ul> before </div>
loglikcub0q.html:64:1 (loglikcub0q.Rd:19): Warning: missing </ul> before </div>
loglikcubecov.html:78:1 (loglikcubecov.Rd:27): Warning: missing </ul> before </div>
loglikcubp0.html:64:1 (loglikcubp0.Rd:19): Warning: missing </ul> before </div>
loglikcubpq.html:69:1 (loglikcubpq.Rd:22): Warning: missing </ul> before </div>
loglikcubshe.html:67:1 (loglikcubshe.Rd:20): Warning: missing </ul> before </div>
loglikcushcov.html:64:1 (loglikcushcov.Rd:19): Warning: missing </ul> before </div>
Flavors: r-devel-linux-x86_64-debian-clang, r-devel-linux-x86_64-debian-gcc