Last updated on 2025-10-21 09:48:29 CEST.
Flavor | Version | Tinstall | Tcheck | Ttotal | Status | Flags |
---|---|---|---|---|---|---|
r-devel-linux-x86_64-debian-clang | 1.2.2 | 66.10 | 453.66 | 519.76 | OK | |
r-devel-linux-x86_64-debian-gcc | 1.2.2 | 43.97 | 327.98 | 371.95 | NOTE | |
r-devel-linux-x86_64-fedora-clang | 1.2.2 | 891.15 | OK | |||
r-devel-linux-x86_64-fedora-gcc | 1.2.2 | 847.19 | NOTE | |||
r-devel-windows-x86_64 | 1.2.2 | 63.00 | 369.00 | 432.00 | OK | |
r-patched-linux-x86_64 | 1.2.2 | 57.41 | 429.15 | 486.56 | OK | |
r-release-linux-x86_64 | 1.2.2 | 63.27 | 428.81 | 492.08 | OK | |
r-release-macos-arm64 | 1.2.2 | 5.00 | ERROR | |||
r-release-macos-x86_64 | 1.2.2 | 7.00 | ERROR | |||
r-release-windows-x86_64 | 1.2.2 | 12.00 | 5.00 | 17.00 | ERROR | |
r-oldrel-macos-arm64 | 1.2.2 | 190.00 | OK | |||
r-oldrel-macos-x86_64 | 1.2.2 | 299.00 | OK | |||
r-oldrel-windows-x86_64 | 1.2.2 | 14.00 | 9.00 | 23.00 | ERROR |
Version: 1.2.2
Check: HTML version of manual
Result: NOTE
Found the following HTML validation problems:
check.format.html:54:1 (check.format.Rd:14): Warning: missing </ul> before </div>
foldchange.seq.twoclass.unpaired.html:54:1 (foldchange.seq.twoclass.unpaired.Rd:14): Warning: missing </ul> before </div>
sammy.html:166:1 (sammy.Rd:96): Warning: missing </ul> before </div>
Flavors: r-devel-linux-x86_64-debian-gcc, r-devel-linux-x86_64-fedora-gcc
Version: 1.2.2
Check: package dependencies
Result: ERROR
Package required but not available: ‘org.Hs.eg.db’
See section ‘The DESCRIPTION file’ in the ‘Writing R Extensions’
manual.
Flavor: r-release-macos-arm64
Version: 1.2.2
Check: package dependencies
Result: ERROR
Package required but not available: ‘TSCAN’
See section ‘The DESCRIPTION file’ in the ‘Writing R Extensions’
manual.
Flavor: r-release-macos-x86_64
Version: 1.2.2
Check: whether package can be installed
Result: ERROR
Installation failed.
Flavors: r-release-windows-x86_64, r-oldrel-windows-x86_64