Last updated on 2025-10-22 09:50:30 CEST.
Flavor | Version | Tinstall | Tcheck | Ttotal | Status | Flags |
---|---|---|---|---|---|---|
r-devel-linux-x86_64-debian-clang | 2.0.0 | 100.91 | 122.06 | 222.97 | NOTE | |
r-devel-linux-x86_64-debian-gcc | 2.0.0 | 62.48 | 86.91 | 149.39 | NOTE | |
r-devel-linux-x86_64-fedora-clang | 2.0.0 | 140.00 | 273.85 | 413.85 | OK | |
r-devel-linux-x86_64-fedora-gcc | 2.0.0 | 100.00 | 258.13 | 358.13 | OK | |
r-devel-windows-x86_64 | 2.0.0 | 124.00 | 138.00 | 262.00 | OK | |
r-patched-linux-x86_64 | 2.0.0 | 97.19 | 117.37 | 214.56 | OK | |
r-release-linux-x86_64 | 2.0.0 | 100.60 | 112.62 | 213.22 | OK | |
r-release-macos-arm64 | 2.0.0 | 39.00 | 69.00 | 108.00 | OK | |
r-release-macos-x86_64 | 2.0.0 | 32.00 | 115.00 | 147.00 | OK | |
r-release-windows-x86_64 | 2.0.0 | 127.00 | 140.00 | 267.00 | OK | |
r-oldrel-macos-arm64 | 2.0.0 | 19.00 | 41.00 | 60.00 | NOTE | |
r-oldrel-macos-x86_64 | 2.0.0 | 16.00 | 73.00 | 89.00 | NOTE | |
r-oldrel-windows-x86_64 | 2.0.0 | 149.00 | 188.00 | 337.00 | NOTE |
Version: 2.0.0
Check: HTML version of manual
Result: NOTE
Found the following HTML validation problems:
GeneratePswarmVisualization.html:139:1 (GeneratePswarmVisualization.Rd:70): Warning: <h3> anchor "_sec_note" already defined
Flavors: r-devel-linux-x86_64-debian-clang, r-devel-linux-x86_64-debian-gcc
Version: 2.0.0
Check: installed package size
Result: NOTE
installed size is 7.6Mb
sub-directories of 1Mb or more:
doc 2.7Mb
libs 4.6Mb
Flavors: r-oldrel-macos-arm64, r-oldrel-macos-x86_64
Version: 2.0.0
Check: for GNU extensions in Makefiles
Result: NOTE
GNU make is a SystemRequirements.
Flavors: r-oldrel-macos-arm64, r-oldrel-macos-x86_64, r-oldrel-windows-x86_64