Last updated on 2025-10-22 09:50:30 CEST.
Flavor | Version | Tinstall | Tcheck | Ttotal | Status | Flags |
---|---|---|---|---|---|---|
r-devel-linux-x86_64-debian-clang | 0.0.5 | 37.46 | 25.55 | 63.01 | OK | |
r-devel-linux-x86_64-debian-gcc | 0.0.5 | 28.15 | 22.75 | 50.90 | OK | |
r-devel-linux-x86_64-fedora-clang | 0.0.5 | 74.00 | 27.78 | 101.78 | OK | |
r-devel-linux-x86_64-fedora-gcc | 0.0.5 | 80.00 | 25.93 | 105.93 | OK | |
r-devel-windows-x86_64 | 0.0.5 | 38.00 | 56.00 | 94.00 | OK | |
r-patched-linux-x86_64 | 0.0.5 | 39.40 | 28.16 | 67.56 | OK | |
r-release-linux-x86_64 | 0.0.5 | 38.52 | 28.34 | 66.86 | OK | |
r-release-macos-arm64 | 0.0.5 | 18.00 | 19.00 | 37.00 | OK | |
r-release-macos-x86_64 | 0.0.5 | 49.00 | 35.00 | 84.00 | OK | |
r-release-windows-x86_64 | 0.0.5 | 39.00 | 54.00 | 93.00 | OK | |
r-oldrel-macos-arm64 | 0.0.5 | 16.00 | 16.00 | 32.00 | NOTE | |
r-oldrel-macos-x86_64 | 0.0.5 | 40.00 | 34.00 | 74.00 | NOTE | |
r-oldrel-windows-x86_64 | 0.0.5 | 45.00 | 59.00 | 104.00 | OK |
Version: 0.0.5
Check: installed package size
Result: NOTE
installed size is 17.9Mb
sub-directories of 1Mb or more:
libs 17.8Mb
Flavors: r-oldrel-macos-arm64, r-oldrel-macos-x86_64