Last updated on 2025-10-21 09:48:29 CEST.
Flavor | Version | Tinstall | Tcheck | Ttotal | Status | Flags |
---|---|---|---|---|---|---|
r-devel-linux-x86_64-debian-clang | 2.2.0 | 41.76 | 198.43 | 240.19 | OK | |
r-devel-linux-x86_64-debian-gcc | 2.2.0 | 26.40 | 119.06 | 145.46 | NOTE | |
r-devel-linux-x86_64-fedora-clang | 2.2.0 | 400.53 | OK | |||
r-devel-linux-x86_64-fedora-gcc | 2.2.0 | 388.63 | OK | |||
r-devel-windows-x86_64 | 2.2.0 | 46.00 | 206.00 | 252.00 | OK | |
r-patched-linux-x86_64 | 2.2.0 | 38.59 | 185.38 | 223.97 | OK | |
r-release-linux-x86_64 | 2.2.0 | 39.76 | 185.47 | 225.23 | OK | |
r-release-macos-arm64 | 2.2.0 | 77.00 | OK | |||
r-release-macos-x86_64 | 2.2.0 | 200.00 | OK | |||
r-release-windows-x86_64 | 2.2.0 | 49.00 | 208.00 | 257.00 | OK | |
r-oldrel-macos-arm64 | 2.2.0 | 67.00 | OK | |||
r-oldrel-macos-x86_64 | 2.2.0 | 171.00 | OK | |||
r-oldrel-windows-x86_64 | 2.2.0 | 59.00 | 277.00 | 336.00 | OK |
Version: 2.2.0
Check: top-level files
Result: NOTE
Found the following validation problem for the NEWS.Rd HTML conversion:
NEWS.html:128:1 (inst/NEWS.Rd:49): Warning: missing </ul> before </div>
NEWS.html:94:1 (inst/NEWS.Rd:37): Warning: <h4> anchor "New-features" already defined
NEWS.html:111:1 (inst/NEWS.Rd:44): Warning: <h4> anchor "Methods-update" already defined
Flavor: r-devel-linux-x86_64-debian-gcc