Last updated on 2025-10-21 09:48:31 CEST.
Flavor | Version | Tinstall | Tcheck | Ttotal | Status | Flags |
---|---|---|---|---|---|---|
r-devel-linux-x86_64-debian-clang | 0.9.0 | 3.45 | 21.91 | 25.36 | OK | |
r-devel-linux-x86_64-debian-gcc | 0.9.0 | 2.51 | 17.55 | 20.06 | NOTE | |
r-devel-linux-x86_64-fedora-clang | 0.9.0 | 36.69 | OK | |||
r-devel-linux-x86_64-fedora-gcc | 0.9.0 | 36.03 | OK | |||
r-devel-windows-x86_64 | 0.9.0 | 4.00 | 42.00 | 46.00 | OK | |
r-patched-linux-x86_64 | 0.9.0 | 3.22 | 21.00 | 24.22 | OK | |
r-release-linux-x86_64 | 0.9.0 | 2.94 | 20.90 | 23.84 | OK | |
r-release-macos-arm64 | 0.9.0 | 17.00 | OK | |||
r-release-macos-x86_64 | 0.9.0 | 38.00 | OK | |||
r-release-windows-x86_64 | 0.9.0 | 4.00 | 45.00 | 49.00 | OK | |
r-oldrel-macos-arm64 | 0.9.0 | 21.00 | OK | |||
r-oldrel-macos-x86_64 | 0.9.0 | 41.00 | OK | |||
r-oldrel-windows-x86_64 | 0.9.0 | 5.00 | 50.00 | 55.00 | OK |
Version: 0.9.0
Check: HTML version of manual
Result: NOTE
Found the following HTML validation problems:
DataQuality.html:150:1 (DataQuality.Rd:148): Warning: <h5> anchor "Usage" already defined
DataQuality.html:156:1 (DataQuality.Rd:152): Warning: <h5> anchor "Arguments" already defined
DataQuality.html:173:1 (DataQuality.Rd:163): Warning: <h5> anchor "Returns" already defined
DataQuality.html:180:1 (DataQuality.Rd:166): Warning: <h5> anchor "Examples" already defined
DataQuality.html:199:1 (DataQuality.Rd:180): Warning: <h5> anchor "Usage" already defined
DataQuality.html:205:1 (DataQuality.Rd:184): Warning: <h5> anchor "Arguments" already defined
DataQuality.html:218:1 (DataQuality.Rd:191): Warning: <h5> anchor "Returns" already defined
DataQuality.html:225:1 (DataQuality.Rd:194): Warning: <h5> anchor "Examples" already defined
DataQuality.html:244:1 (DataQuality.Rd:208): Warning: <h5> anchor "Usage" already defined
DataQuality.html:250:1 (DataQuality.Rd:212): Warning: <h5> anchor "Returns" already defined
DataQuality.html:257:1 (DataQuality.Rd:215): Warning: <h5> anchor "Examples" already defined
DataQuality.html:276:1 (DataQuality.Rd:229): Warning: <h5> anchor "Usage" already defined
DataQuality.html:282:1 (DataQuality.Rd:233): Warning: <h5> anchor "Arguments" already defined
DataQuality.html:295:1 (DataQuality.Rd:240): Warning: <h5> anchor "Returns" already defined
DataQuality.html:302:1 (DataQuality.Rd:243): Warning: <h5> anchor "Examples" already defined
DataQuality.html:321:1 (DataQuality.Rd:257): Warning: <h5> anchor "Usage" already defined
DataQuality.html:327:1 (DataQuality.Rd:261): Warning: <h5> anchor "Returns" already defined
DataQuality.html:334:1 (DataQuality.Rd:264): Warning: <h5> anchor "Examples" already defined
DataQuality.html:353:1 (DataQuality.Rd:278): Warning: <h5> anchor "Usage" already defined
DataQuality.html:359:1 (DataQuality.Rd:282): Warning: <h5> anchor "Arguments" already defined
DataQuality.html:372:1 (DataQuality.Rd:289): Warning: <h5> anchor "Returns" already defined
DataQuality.html:379:1 (DataQuality.Rd:292): Warning: <h5> anchor "Examples" already defined
DataQuality.html:398:1 (DataQuality.Rd:306): Warning: <h5> anchor "Usage" already defined
DataQuality.html:404:1 (DataQuality.Rd:310): Warning: <h5> anchor "Returns" already defined
DataQuality.html:411:1 (DataQuality.Rd:313): Warning: <h5> anchor "Examples" already defined
DataQuality.html:430:1 (DataQuality.Rd:327): Warning: <h5> anchor "Usage" already defined
DataQuality.html:436:1 (DataQuality.Rd:331): Warning: <h5> anchor "Returns" already defined
DataQuality.html:443:1 (DataQuality.Rd:334): Warning: <h5> anchor "Examples" already defined
DataQuality.html:462:1 (DataQuality.Rd:348): Warning: <h5> anchor "Usage" already defined
DataQuality.html:473:1 (DataQuality.Rd:357): Warning: <h5> anchor "Arguments" already defined
DataQuality.html:492:1 (DataQuality.Rd:370): Warning: <h5> anchor "Returns" already defined
DataQuality.html:499:1 (DataQuality.Rd:373): Warning: <h5> anchor "Examples" already defined
DataQuality.html:518:1 (DataQuality.Rd:387): Warning: <h5> anchor "Usage" already defined
DataQuality.html:524:1 (DataQuality.Rd:391): Warning: <h5> anchor "Arguments" already defined
ScreenConfiguration.html:154:1 (ScreenConfiguration.Rd:137): Warning: <h5> anchor "Usage" already defined
ScreenConfiguration.html:160:1 (ScreenConfiguration.Rd:141): Warning: <h5> anchor "Arguments" already defined
ScreenConfiguration.html:175:1 (ScreenConfiguration.Rd:150): Warning: <h5> anchor "Returns" already defined
ScreenConfiguration.html:182:1 (ScreenConfiguration.Rd:153): Warning: <h5> anchor "Examples" already defined
ScreenConfiguration.html:201:1 (ScreenConfiguration.Rd:167): Warning: <h5> anchor "Usage" already defined
ScreenConfiguration.html:207:1 (ScreenConfiguration.Rd:171): Warning: <h5> anchor "Arguments" already defined
ScreenConfiguration.html:222:1 (ScreenConfiguration.Rd:180): Warning: <h5> anchor "Returns" already defined
ScreenConfiguration.html:229:1 (ScreenConfiguration.Rd:183): Warning: <h5> anchor "Examples" already defined
ScreenConfiguration.html:248:1 (ScreenConfiguration.Rd:197): Warning: <h5> anchor "Usage" already defined
ScreenConfiguration.html:254:1 (ScreenConfiguration.Rd:201): Warning: <h5> anchor "Arguments" already defined
ScreenConfiguration.html:269:1 (ScreenConfiguration.Rd:210): Warning: <h5> anchor "Returns" already defined
ScreenConfiguration.html:276:1 (ScreenConfiguration.Rd:213): Warning: <h5> anchor "Examples" already defined
ScreenConfiguration.html:295:1 (ScreenConfiguration.Rd:227): Warning: <h5> anchor "Usage" already defined
ScreenConfiguration.html:301:1 (ScreenConfiguration.Rd:231): Warning: <h5> anchor "Arguments" already defined
ScreenConfiguration.html:316:1 (ScreenConfiguration.Rd:240): Warning: <h5> anchor "Returns" already defined
ScreenConfiguration.html:323:1 (ScreenConfiguration.Rd:243): Warning: <h5> anchor "Examples" already defined
ScreenConfiguration.html:342:1 (ScreenConfiguration.Rd:257): Warning: <h5> anchor "Usage" already defined
ScreenConfiguration.html:348:1 (ScreenConfiguration.Rd:261): Warning: <h5> anchor "Arguments" already defined
ScreenConfiguration.html:363:1 (ScreenConfiguration.Rd:270): Warning: <h5> anchor "Returns" already defined
ScreenConfiguration.html:370:1 (ScreenConfiguration.Rd:273): Warning: <h5> anchor "Examples" already defined
ScreenConfiguration.html:389:1 (ScreenConfiguration.Rd:287): Warning: <h5> anchor "Usage" already defined
ScreenConfiguration.html:395:1 (ScreenConfiguration.Rd:291): Warning: <h5> anchor "Arguments" already defined
ScreenConfiguration.html:410:1 (ScreenConfiguration.Rd:300): Warning: <h5> anchor "Returns" already defined
ScreenConfiguration.html:417:1 (ScreenConfiguration.Rd:303): Warning: <h5> anchor "Examples" already defined
ScreenConfiguration.html:436:1 (ScreenConfiguration.Rd:317): Warning: <h5> anchor "Usage" already defined
ScreenConfiguration.html:442:1 (ScreenConfiguration.Rd:321): Warning: <h5> anchor "Returns" already defined
ScreenConfiguration.html:449:1 (ScreenConfiguration.Rd:324): Warning: <h5> anchor "Examples" already defined
ScreenConfiguration.html:468:1 (ScreenConfiguration.Rd:338): Warning: <h5> anchor "Usage" already defined
ScreenConfiguration.html:474:1 (ScreenConfiguration.Rd:342): Warning: <h5> anchor "Arguments" already defined
Flavor: r-devel-linux-x86_64-debian-gcc