Last updated on 2025-10-21 09:48:30 CEST.
Flavor | Version | Tinstall | Tcheck | Ttotal | Status | Flags |
---|---|---|---|---|---|---|
r-devel-linux-x86_64-debian-clang | 0.5-1 | 15.25 | 119.06 | 134.31 | OK | |
r-devel-linux-x86_64-debian-gcc | 0.5-1 | 10.30 | 79.72 | 90.02 | NOTE | |
r-devel-linux-x86_64-fedora-clang | 0.5-1 | 212.31 | OK | |||
r-devel-linux-x86_64-fedora-gcc | 0.5-1 | 204.05 | OK | |||
r-devel-windows-x86_64 | 0.5-1 | 18.00 | 116.00 | 134.00 | OK | |
r-patched-linux-x86_64 | 0.5-1 | 15.33 | 110.64 | 125.97 | OK | |
r-release-linux-x86_64 | 0.5-1 | 14.94 | 112.22 | 127.16 | OK | |
r-release-macos-arm64 | 0.5-1 | 49.00 | OK | |||
r-release-macos-x86_64 | 0.5-1 | 101.00 | OK | |||
r-release-windows-x86_64 | 0.5-1 | 18.00 | 117.00 | 135.00 | OK | |
r-oldrel-macos-arm64 | 0.5-1 | 56.00 | OK | |||
r-oldrel-macos-x86_64 | 0.5-1 | 147.00 | OK | |||
r-oldrel-windows-x86_64 | 0.5-1 | 23.00 | 152.00 | 175.00 | OK |
Version: 0.5-1
Check: HTML version of manual
Result: NOTE
Found the following HTML validation problems:
effectLiteGUI.html:46:1 (effectLiteGUI.Rd:10): Warning: missing </ul> before </div>
elrEffectsGUI.html:46:1 (elrEffectsGUI.Rd:10): Warning: missing </ul> before </div>
Flavor: r-devel-linux-x86_64-debian-gcc