Last updated on 2025-10-22 09:50:32 CEST.
Flavor | Version | Tinstall | Tcheck | Ttotal | Status | Flags |
---|---|---|---|---|---|---|
r-devel-linux-x86_64-debian-clang | 2.2-5 | 11.13 | 183.13 | 194.26 | NOTE | |
r-devel-linux-x86_64-debian-gcc | 2.2-5 | 9.01 | 125.34 | 134.35 | NOTE | |
r-devel-linux-x86_64-fedora-clang | 2.2-5 | 26.00 | 280.03 | 306.03 | OK | |
r-devel-linux-x86_64-fedora-gcc | 2.2-5 | 39.00 | 276.55 | 315.55 | OK | |
r-devel-windows-x86_64 | 2.2-5 | 15.00 | 171.00 | 186.00 | OK | |
r-patched-linux-x86_64 | 2.2-5 | 13.87 | 176.23 | 190.10 | OK | |
r-release-linux-x86_64 | 2.2-5 | 12.98 | 175.15 | 188.13 | OK | |
r-release-macos-arm64 | 2.2-5 | 6.00 | 67.00 | 73.00 | OK | |
r-release-macos-x86_64 | 2.2-5 | 11.00 | 159.00 | 170.00 | OK | |
r-release-windows-x86_64 | 2.2-5 | 16.00 | 176.00 | 192.00 | OK | |
r-oldrel-macos-arm64 | 2.2-5 | 6.00 | 71.00 | 77.00 | OK | |
r-oldrel-macos-x86_64 | 2.2-5 | 12.00 | 164.00 | 176.00 | OK | |
r-oldrel-windows-x86_64 | 2.2-5 | 22.00 | 240.00 | 262.00 | OK |
Version: 2.2-5
Check: HTML version of manual
Result: NOTE
Found the following HTML validation problems:
DiscrSI.html:55:1 (DiscrSI.Rd:14): Warning: missing </ul> before </div>
EstimateR.html:145:1 (EstimateR.Rd:70): Warning: missing </ul> before </div>
OverallInfectivity.html:51:1 (OverallInfectivity.Rd:12): Warning: missing </ul> before </div>
WT.html:95:1 (WT.Rd:40): Warning: missing </ul> before </div>
Flavors: r-devel-linux-x86_64-debian-clang, r-devel-linux-x86_64-debian-gcc