Last updated on 2025-10-21 09:48:32 CEST.
Flavor | Version | Tinstall | Tcheck | Ttotal | Status | Flags |
---|---|---|---|---|---|---|
r-devel-linux-x86_64-debian-clang | 2.4.0 | 4.55 | 45.35 | 49.90 | NOTE | |
r-devel-linux-x86_64-debian-gcc | 2.4.0 | 3.35 | 34.41 | 37.76 | NOTE | |
r-devel-linux-x86_64-fedora-clang | 2.4.0 | 74.70 | OK | |||
r-devel-linux-x86_64-fedora-gcc | 2.4.0 | 85.69 | OK | |||
r-devel-windows-x86_64 | 2.4.0 | 6.00 | 72.00 | 78.00 | OK | |
r-patched-linux-x86_64 | 2.4.0 | 4.85 | 42.88 | 47.73 | OK | |
r-release-linux-x86_64 | 2.4.0 | 4.50 | 43.02 | 47.52 | OK | |
r-release-macos-arm64 | 2.4.0 | 40.00 | OK | |||
r-release-macos-x86_64 | 2.4.0 | 66.00 | OK | |||
r-release-windows-x86_64 | 2.4.0 | 6.00 | 75.00 | 81.00 | OK | |
r-oldrel-macos-arm64 | 2.4.0 | 35.00 | OK | |||
r-oldrel-macos-x86_64 | 2.4.0 | 71.00 | OK | |||
r-oldrel-windows-x86_64 | 2.4.0 | 8.00 | 83.00 | 91.00 | OK |
Version: 2.4.0
Check: CRAN incoming feasibility
Result: NOTE
Maintainer: ‘Paul Rougieux <paul.rougieux@gmail.com>’
No Authors@R field in DESCRIPTION.
Please add one, modifying
Authors@R: c(person(given = c("Michael", "C."),
family = "J.",
role = "aut"),
person(given = "Markus",
family = "Gesmann",
role = "aut"),
person(given = "Filippo",
family = "Gheri",
role = "aut"),
person(given = "Paul",
family = "Rougieux",
role = c("aut", "cre"),
email = "paul.rougieux@gmail.com"),
person(given = "Sebastian",
family = "Campbell",
role = "aut"))
as necessary.
Flavors: r-devel-linux-x86_64-debian-clang, r-devel-linux-x86_64-debian-gcc
Version: 2.4.0
Check: HTML version of manual
Result: NOTE
Found the following HTML validation problems:
cache.html:58:1 (cache.Rd:16): Warning: missing </ul> before </div>
change_case.html:72:1 (change_case.Rd:23): Warning: missing </ul> before </div>
ebind.html:60:1 (ebind.Rd:17): Warning: missing </ul> before </div>
fillCountryCode.html:56:1 (fillCountryCode.Rd:15): Warning: missing </ul> before </div>
get_fao.html:63:1 (get_fao.Rd:21): Warning: missing </ul> before </div>
overlap.html:68:1 (overlap.Rd:21): Warning: missing </ul> before </div>
read_dataset_dimension.html:55:1 (read_dataset_dimension.Rd:16): Warning: missing </ul> before </div>
translate_countrycodes.html:79:1 (translate_countrycodes.Rd:34): Warning: missing </ul> before </div>
Flavor: r-devel-linux-x86_64-debian-gcc