Last updated on 2025-10-22 09:50:33 CEST.
Flavor | Version | Tinstall | Tcheck | Ttotal | Status | Flags |
---|---|---|---|---|---|---|
r-devel-linux-x86_64-debian-clang | 0.0.4 | 4.18 | 37.08 | 41.26 | NOTE | |
r-devel-linux-x86_64-debian-gcc | 0.0.4 | 3.09 | 27.42 | 30.51 | NOTE | |
r-devel-linux-x86_64-fedora-clang | 0.0.4 | 60.22 | OK | |||
r-devel-linux-x86_64-fedora-gcc | 0.0.4 | 13.00 | 47.51 | 60.51 | OK | |
r-devel-windows-x86_64 | 0.0.4 | 6.00 | 60.00 | 66.00 | OK | |
r-patched-linux-x86_64 | 0.0.4 | 4.34 | 35.02 | 39.36 | OK | |
r-release-linux-x86_64 | 0.0.4 | 4.44 | 34.57 | 39.01 | OK | |
r-release-macos-arm64 | 0.0.4 | 2.00 | 35.00 | 37.00 | OK | |
r-release-macos-x86_64 | 0.0.4 | 3.00 | 40.00 | 43.00 | OK | |
r-release-windows-x86_64 | 0.0.4 | 5.00 | 62.00 | 67.00 | OK | |
r-oldrel-macos-arm64 | 0.0.4 | 2.00 | 33.00 | 35.00 | OK | |
r-oldrel-macos-x86_64 | 0.0.4 | 3.00 | 38.00 | 41.00 | OK | |
r-oldrel-windows-x86_64 | 0.0.4 | 6.00 | 68.00 | 74.00 | OK |
Version: 0.0.4
Check: HTML version of manual
Result: NOTE
Found the following HTML validation problems:
kkk.html:52:1 (kkk.Rd:12): Warning: missing </ul> before </div>
loglikcub00.html:59:1 (loglikcub00.Rd:16): Warning: missing </ul> before </div>
loglikcub0q.html:64:1 (loglikcub0q.Rd:19): Warning: missing </ul> before </div>
loglikcubp0.html:64:1 (loglikcubp0.Rd:19): Warning: missing </ul> before </div>
loglikcubpq.html:69:1 (loglikcubpq.Rd:22): Warning: missing </ul> before </div>
Flavors: r-devel-linux-x86_64-debian-clang, r-devel-linux-x86_64-debian-gcc