Last updated on 2025-10-22 09:50:34 CEST.
Flavor | Version | Tinstall | Tcheck | Ttotal | Status | Flags |
---|---|---|---|---|---|---|
r-devel-linux-x86_64-debian-clang | 2.3.2 | 8.01 | 65.70 | 73.71 | NOTE | |
r-devel-linux-x86_64-debian-gcc | 2.3.2 | 5.66 | 44.05 | 49.71 | NOTE | |
r-devel-linux-x86_64-fedora-clang | 2.3.2 | 19.00 | 90.94 | 109.94 | NOTE | |
r-devel-linux-x86_64-fedora-gcc | 2.3.2 | 16.00 | 90.21 | 106.21 | NOTE | |
r-devel-windows-x86_64 | 2.3.2 | 9.00 | 80.00 | 89.00 | NOTE | |
r-patched-linux-x86_64 | 2.3.2 | 9.14 | 63.13 | 72.27 | NOTE | |
r-release-linux-x86_64 | 2.3.2 | 7.03 | 62.58 | 69.61 | NOTE | |
r-release-macos-arm64 | 2.3.2 | 4.00 | 33.00 | 37.00 | NOTE | |
r-release-macos-x86_64 | 2.3.2 | 9.00 | 64.00 | 73.00 | NOTE | |
r-release-windows-x86_64 | 2.3.2 | 11.00 | 83.00 | 94.00 | NOTE | |
r-oldrel-macos-arm64 | 2.3.2 | 3.00 | 27.00 | 30.00 | NOTE | |
r-oldrel-macos-x86_64 | 2.3.2 | 6.00 | 44.00 | 50.00 | NOTE | |
r-oldrel-windows-x86_64 | 2.3.2 | 14.00 | 100.00 | 114.00 | NOTE |
Version: 2.3.2
Check: Rd files
Result: NOTE
checkRd: (-1) genmf.Rd:26: Lost braces; missing escapes or markup?
26 | \item 'gbellmf' is c(\code{a, b, c}), where \code{a} denotes the width, \code{b} is usually positive and {c} locates the center of the curve.
| ^
Flavors: r-devel-linux-x86_64-debian-clang, r-devel-linux-x86_64-debian-gcc, r-devel-linux-x86_64-fedora-clang, r-devel-linux-x86_64-fedora-gcc, r-devel-windows-x86_64, r-patched-linux-x86_64, r-release-linux-x86_64, r-release-macos-arm64, r-release-macos-x86_64, r-release-windows-x86_64, r-oldrel-macos-arm64, r-oldrel-macos-x86_64, r-oldrel-windows-x86_64
Version: 2.3.2
Check: HTML version of manual
Result: NOTE
Found the following HTML validation problems:
writefis.html:50:1 (writefis.Rd:12): Warning: missing </ul> before </div>
Flavors: r-devel-linux-x86_64-debian-clang, r-devel-linux-x86_64-debian-gcc