Last updated on 2025-07-04 09:49:51 CEST.
Flavor | Version | Tinstall | Tcheck | Ttotal | Status | Flags |
---|---|---|---|---|---|---|
r-devel-linux-x86_64-debian-clang | 3.2.4 | 38.77 | 91.85 | 130.62 | OK | |
r-devel-linux-x86_64-debian-gcc | 3.2.4 | 26.29 | 61.68 | 87.97 | OK | |
r-devel-linux-x86_64-fedora-clang | 3.2.4 | 181.53 | OK | |||
r-devel-linux-x86_64-fedora-gcc | 3.2.4 | 198.46 | OK | |||
r-devel-windows-x86_64 | 3.2.4 | 43.00 | 118.00 | 161.00 | OK | |
r-patched-linux-x86_64 | 3.2.4 | 39.60 | 73.55 | 113.15 | OK | |
r-release-linux-x86_64 | 3.2.4 | 38.96 | 72.76 | 111.72 | OK | |
r-release-macos-arm64 | 3.2.4 | 72.00 | OK | |||
r-release-macos-x86_64 | 3.2.4 | 109.00 | OK | |||
r-release-windows-x86_64 | 3.2.4 | 44.00 | 113.00 | 157.00 | OK | |
r-oldrel-macos-arm64 | 3.2.4 | 61.00 | NOTE | |||
r-oldrel-macos-x86_64 | 3.2.4 | 93.00 | NOTE | |||
r-oldrel-windows-x86_64 | 3.2.4 | 51.00 | 151.00 | 202.00 | NOTE |
Version: 3.2.4
Check: installed package size
Result: NOTE
installed size is 36.2Mb
sub-directories of 1Mb or more:
doc 31.8Mb
libs 3.8Mb
Flavors: r-oldrel-macos-arm64, r-oldrel-macos-x86_64, r-oldrel-windows-x86_64