Last updated on 2025-10-21 09:48:34 CEST.
Flavor | Version | Tinstall | Tcheck | Ttotal | Status | Flags |
---|---|---|---|---|---|---|
r-devel-linux-x86_64-debian-clang | 1.0.1 | 6.31 | 38.95 | 45.26 | OK | |
r-devel-linux-x86_64-debian-gcc | 1.0.1 | 4.45 | 31.08 | 35.53 | NOTE | |
r-devel-linux-x86_64-fedora-clang | 1.0.1 | 68.27 | OK | |||
r-devel-linux-x86_64-fedora-gcc | 1.0.1 | 79.12 | OK | |||
r-devel-windows-x86_64 | 1.0.1 | 8.00 | 61.00 | 69.00 | OK | |
r-patched-linux-x86_64 | 1.0.1 | 7.23 | 37.34 | 44.57 | OK | |
r-release-linux-x86_64 | 1.0.1 | 5.37 | 37.31 | 42.68 | OK | |
r-release-macos-arm64 | 1.0.1 | 31.00 | OK | |||
r-release-macos-x86_64 | 1.0.1 | 61.00 | OK | |||
r-release-windows-x86_64 | 1.0.1 | 7.00 | 65.00 | 72.00 | OK | |
r-oldrel-macos-arm64 | 1.0.1 | 41.00 | OK | |||
r-oldrel-macos-x86_64 | 1.0.1 | 95.00 | OK | |||
r-oldrel-windows-x86_64 | 1.0.1 | 10.00 | 71.00 | 81.00 | OK |
Version: 1.0.1
Check: HTML version of manual
Result: NOTE
Found the following HTML validation problems:
GPNode.html:251:1 (GPNode.Rd:166): Warning: <h5> anchor "Usage" already defined
GPNode.html:257:1 (GPNode.Rd:170): Warning: <h5> anchor "Arguments" already defined
GPNode.html:270:1 (GPNode.Rd:177): Warning: <h5> anchor "Returns" already defined
GPNode.html:287:1 (GPNode.Rd:186): Warning: <h5> anchor "Usage" already defined
GPNode.html:303:1 (GPNode.Rd:196): Warning: <h5> anchor "Usage" already defined
GPNode.html:309:1 (GPNode.Rd:200): Warning: <h5> anchor "Arguments" already defined
GPNode.html:322:1 (GPNode.Rd:207): Warning: <h5> anchor "Returns" already defined
GPNode.html:339:1 (GPNode.Rd:216): Warning: <h5> anchor "Usage" already defined
GPNode.html:345:1 (GPNode.Rd:220): Warning: <h5> anchor "Arguments" already defined
GPNode.html:370:1 (GPNode.Rd:235): Warning: <h5> anchor "Usage" already defined
GPNode.html:386:1 (GPNode.Rd:245): Warning: <h5> anchor "Usage" already defined
GPNode.html:402:1 (GPNode.Rd:255): Warning: <h5> anchor "Usage" already defined
GPNode.html:408:1 (GPNode.Rd:259): Warning: <h5> anchor "Arguments" already defined
GPTree.html:345:1 (GPTree.Rd:301): Warning: <h5> anchor "Usage" already defined
GPTree.html:351:1 (GPTree.Rd:305): Warning: <h5> anchor "Arguments" already defined
GPTree.html:374:1 (GPTree.Rd:318): Warning: <h5> anchor "Usage" already defined
GPTree.html:380:1 (GPTree.Rd:322): Warning: <h5> anchor "Arguments" already defined
GPTree.html:395:1 (GPTree.Rd:331): Warning: <h5> anchor "Returns" already defined
GPTree.html:412:1 (GPTree.Rd:340): Warning: <h5> anchor "Usage" already defined
GPTree.html:418:1 (GPTree.Rd:344): Warning: <h5> anchor "Arguments" already defined
GPTree.html:454:1 (GPTree.Rd:367): Warning: <h5> anchor "Usage" already defined
GPTree.html:460:1 (GPTree.Rd:371): Warning: <h5> anchor "Arguments" already defined
GPTree.html:473:1 (GPTree.Rd:378): Warning: <h5> anchor "Returns" already defined
GPTree.html:490:1 (GPTree.Rd:387): Warning: <h5> anchor "Usage" already defined
GPTree.html:496:1 (GPTree.Rd:391): Warning: <h5> anchor "Arguments" already defined
GPTree.html:511:1 (GPTree.Rd:400): Warning: <h5> anchor "Details" already defined
GPTree.html:518:1 (GPTree.Rd:404): Warning: <h5> anchor "Returns" already defined
GPTree.html:535:1 (GPTree.Rd:413): Warning: <h5> anchor "Usage" already defined
GPTree.html:541:1 (GPTree.Rd:417): Warning: <h5> anchor "Arguments" already defined
WrappedDiceKrigingGP.html:631:1 (WrappedDiceKrigingGP.Rd:379): Warning: missing </ul> before </div>
WrappedDiceKrigingGP.html:210:1 (WrappedDiceKrigingGP.Rd:128): Warning: <h5> anchor "Usage" already defined
WrappedDiceKrigingGP.html:226:1 (WrappedDiceKrigingGP.Rd:138): Warning: <h5> anchor "Usage" already defined
WrappedDiceKrigingGP.html:242:1 (WrappedDiceKrigingGP.Rd:148): Warning: <h5> anchor "Usage" already defined
WrappedDiceKrigingGP.html:248:1 (WrappedDiceKrigingGP.Rd:152): Warning: <h5> anchor "Arguments" already defined
WrappedDiceKrigingGP.html:271:1 (WrappedDiceKrigingGP.Rd:165): Warning: <h5> anchor "Usage" already defined
WrappedDiceKrigingGP.html:277:1 (WrappedDiceKrigingGP.Rd:169): Warning: <h5> anchor "Arguments" already defined
WrappedDiceKrigingGP.html:300:1 (WrappedDiceKrigingGP.Rd:182): Warning: <h5> anchor "Usage" already defined
WrappedDiceKrigingGP.html:306:1 (WrappedDiceKrigingGP.Rd:186): Warning: <h5> anchor "Arguments" already defined
WrappedDiceKrigingGP.html:329:1 (WrappedDiceKrigingGP.Rd:199): Warning: <h5> anchor "Usage" already defined
WrappedDiceKrigingGP.html:335:1 (WrappedDiceKrigingGP.Rd:203): Warning: <h5> anchor "Returns" already defined
WrappedDiceKrigingGP.html:352:1 (WrappedDiceKrigingGP.Rd:212): Warning: <h5> anchor "Usage" already defined
WrappedDiceKrigingGP.html:358:1 (WrappedDiceKrigingGP.Rd:216): Warning: <h5> anchor "Arguments" already defined
WrappedDiceKrigingGP.html:381:1 (WrappedDiceKrigingGP.Rd:229): Warning: <h5> anchor "Usage" already defined
WrappedDiceKrigingGP.html:393:1 (WrappedDiceKrigingGP.Rd:239): Warning: <h5> anchor "Arguments" already defined
WrappedDiceKrigingGP.html:424:1 (WrappedDiceKrigingGP.Rd:260): Warning: <h5> anchor "Usage" already defined
WrappedDiceKrigingGP.html:440:1 (WrappedDiceKrigingGP.Rd:270): Warning: <h5> anchor "Usage" already defined
WrappedDiceKrigingGP.html:446:1 (WrappedDiceKrigingGP.Rd:274): Warning: <h5> anchor "Arguments" already defined
WrappedDiceKrigingGP.html:459:1 (WrappedDiceKrigingGP.Rd:281): Warning: <h5> anchor "Returns" already defined
WrappedDiceKrigingGP.html:476:1 (WrappedDiceKrigingGP.Rd:290): Warning: <h5> anchor "Usage" already defined
WrappedDiceKrigingGP.html:482:1 (WrappedDiceKrigingGP.Rd:294): Warning: <h5> anchor "Arguments" already defined
WrappedDiceKrigingGP.html:497:1 (WrappedDiceKrigingGP.Rd:303): Warning: <h5> anchor "Returns" already defined
WrappedDiceKrigingGP.html:514:1 (WrappedDiceKrigingGP.Rd:312): Warning: <h5> anchor "Usage" already defined
WrappedDiceKrigingGP.html:530:1 (WrappedDiceKrigingGP.Rd:322): Warning: <h5> anchor "Usage" already defined
WrappedDiceKrigingGP.html:536:1 (WrappedDiceKrigingGP.Rd:326): Warning: <h5> anchor "Arguments" already defined
WrappedDiceKrigingGP.html:553:1 (WrappedDiceKrigingGP.Rd:337): Warning: <h5> anchor "Returns" already defined
WrappedDiceKrigingGP.html:570:1 (WrappedDiceKrigingGP.Rd:346): Warning: <h5> anchor "Usage" already defined
WrappedDiceKrigingGP.html:576:1 (WrappedDiceKrigingGP.Rd:350): Warning: <h5> anchor "Arguments" already defined
WrappedDiceKrigingGP.html:591:1 (WrappedDiceKrigingGP.Rd:359): Warning: <h5> anchor "Returns" already defined
WrappedDiceKrigingGP.html:608:1 (WrappedDiceKrigingGP.Rd:368): Warning: <h5> anchor "Usage" already defined
WrappedDiceKrigingGP.html:614:1 (WrappedDiceKrigingGP.Rd:372): Warning: <h5> anchor "Arguments" already defined
WrappedGP.html:631:1 (WrappedGP.Rd:376): Warning: missing </ul> before </div>
WrappedGP.html:216:1 (WrappedGP.Rd:131): Warning: <h5> anchor "Usage" already defined
WrappedGP.html:232:1 (WrappedGP.Rd:141): Warning: <h5> anchor "Usage" already defined
WrappedGP.html:248:1 (WrappedGP.Rd:151): Warning: <h5> anchor "Usage" already defined
WrappedGP.html:254:1 (WrappedGP.Rd:155): Warning: <h5> anchor "Arguments" already defined
WrappedGP.html:277:1 (WrappedGP.Rd:168): Warning: <h5> anchor "Usage" already defined
WrappedGP.html:283:1 (WrappedGP.Rd:172): Warning: <h5> anchor "Arguments" already defined
WrappedGP.html:306:1 (WrappedGP.Rd:185): Warning: <h5> anchor "Usage" already defined
WrappedGP.html:312:1 (WrappedGP.Rd:189): Warning: <h5> anchor "Arguments" already defined
WrappedGP.html:335:1 (WrappedGP.Rd:202): Warning: <h5> anchor "Usage" already defined
WrappedGP.html:341:1 (WrappedGP.Rd:206): Warning: <h5> anchor "Returns" already defined
WrappedGP.html:358:1 (WrappedGP.Rd:215): Warning: <h5> anchor "Usage" already defined
WrappedGP.html:364:1 (WrappedGP.Rd:219): Warning: <h5> anchor "Arguments" already defined
WrappedGP.html:387:1 (WrappedGP.Rd:232): Warning: <h5> anchor "Usage" already defined
WrappedGP.html:393:1 (WrappedGP.Rd:236): Warning: <h5> anchor "Arguments" already defined
WrappedGP.html:424:1 (WrappedGP.Rd:257): Warning: <h5> anchor "Usage" already defined
WrappedGP.html:440:1 (WrappedGP.Rd:267): Warning: <h5> anchor "Usage" already defined
WrappedGP.html:456:1 (WrappedGP.Rd:277): Warning: <h5> anchor "Usage" already defined
WrappedGP.html:462:1 (WrappedGP.Rd:281): Warning: <h5> anchor "Arguments" already defined
WrappedGP.html:479:1 (WrappedGP.Rd:292): Warning: <h5> anchor "Returns" already defined
WrappedGP.html:496:1 (WrappedGP.Rd:301): Warning: <h5> anchor "Usage" already defined
WrappedGP.html:502:1 (WrappedGP.Rd:305): Warning: <h5> anchor "Arguments" already defined
WrappedGP.html:517:1 (WrappedGP.Rd:314): Warning: <h5> anchor "Returns" already defined
WrappedGP.html:534:1 (WrappedGP.Rd:323): Warning: <h5> anchor "Usage" already defined
WrappedGP.html:540:1 (WrappedGP.Rd:327): Warning: <h5> anchor "Arguments" already defined
WrappedGP.html:553:1 (WrappedGP.Rd:334): Warning: <h5> anchor "Returns" already defined
WrappedGP.html:570:1 (WrappedGP.Rd:343): Warning: <h5> anchor "Usage" already defined
WrappedGP.html:576:1 (WrappedGP.Rd:347): Warning: <h5> anchor "Arguments" already defined
WrappedGP.html:591:1 (WrappedGP.Rd:356): Warning: <h5> anchor "Returns" already defined
WrappedGP.html:608:1 (WrappedGP.Rd:365): Warning: <h5> anchor "Usage" already defined
WrappedGP.html:614:1 (WrappedGP.Rd:369): Warning: <h5> anchor "Arguments" already defined
WrappedmlegpGP.html:631:1 (WrappedmlegpGP.Rd:376): Warning: missing </ul> before </div>
WrappedmlegpGP.html:216:1 (WrappedmlegpGP.Rd:131): Warning: <h5> anchor "Usage" already defined
WrappedmlegpGP.html:232:1 (WrappedmlegpGP.Rd:141): Warning: <h5> anchor "Usage" already defined
WrappedmlegpGP.html:248:1 (WrappedmlegpGP.Rd:151): Warning: <h5> anchor "Usage" already defined
WrappedmlegpGP.html:254:1 (WrappedmlegpGP.Rd:155): Warning: <h5> anchor "Arguments" already defined
WrappedmlegpGP.html:277:1 (WrappedmlegpGP.Rd:168): Warning: <h5> anchor "Usage" already defined
WrappedmlegpGP.html:283:1 (WrappedmlegpGP.Rd:172): Warning: <h5> anchor "Arguments" already defined
WrappedmlegpGP.html:306:1 (WrappedmlegpGP.Rd:185): Warning: <h5> anchor "Usage" already defined
WrappedmlegpGP.html:312:1 (WrappedmlegpGP.Rd:189): Warning: <h5> anchor "Arguments" already defined
WrappedmlegpGP.html:335:1 (WrappedmlegpGP.Rd:202): Warning: <h5> anchor "Usage" already defined
WrappedmlegpGP.html:341:1 (WrappedmlegpGP.Rd:206): Warning: <h5> anchor "Returns" already defined
WrappedmlegpGP.html:358:1 (WrappedmlegpGP.Rd:215): Warning: <h5> anchor "Usage" already defined
WrappedmlegpGP.html:364:1 (WrappedmlegpGP.Rd:219): Warning: <h5> anchor "Arguments" already defined
WrappedmlegpGP.html:387:1 (WrappedmlegpGP.Rd:232): Warning: <h5> anchor "Usage" already defined
WrappedmlegpGP.html:393:1 (WrappedmlegpGP.Rd:236): Warning: <h5> anchor "Arguments" already defined
WrappedmlegpGP.html:424:1 (WrappedmlegpGP.Rd:257): Warning: <h5> anchor "Usage" already defined
WrappedmlegpGP.html:440:1 (WrappedmlegpGP.Rd:267): Warning: <h5> anchor "Usage" already defined
WrappedmlegpGP.html:446:1 (WrappedmlegpGP.Rd:271): Warning: <h5> anchor "Arguments" already defined
WrappedmlegpGP.html:459:1 (WrappedmlegpGP.Rd:278): Warning: <h5> anchor "Returns" already defined
WrappedmlegpGP.html:476:1 (WrappedmlegpGP.Rd:287): Warning: <h5> anchor "Usage" already defined
WrappedmlegpGP.html:482:1 (WrappedmlegpGP.Rd:291): Warning: <h5> anchor "Arguments" already defined
WrappedmlegpGP.html:497:1 (WrappedmlegpGP.Rd:300): Warning: <h5> anchor "Returns" already defined
WrappedmlegpGP.html:514:1 (WrappedmlegpGP.Rd:309): Warning: <h5> anchor "Usage" already defined
WrappedmlegpGP.html:530:1 (WrappedmlegpGP.Rd:319): Warning: <h5> anchor "Usage" already defined
WrappedmlegpGP.html:536:1 (WrappedmlegpGP.Rd:323): Warning: <h5> anchor "Arguments" already defined
WrappedmlegpGP.html:553:1 (WrappedmlegpGP.Rd:334): Warning: <h5> anchor "Returns" already defined
WrappedmlegpGP.html:570:1 (WrappedmlegpGP.Rd:343): Warning: <h5> anchor "Usage" already defined
WrappedmlegpGP.html:576:1 (WrappedmlegpGP.Rd:347): Warning: <h5> anchor "Arguments" already defined
WrappedmlegpGP.html:591:1 (WrappedmlegpGP.Rd:356): Warning: <h5> anchor "Returns" already defined
WrappedmlegpGP.html:608:1 (WrappedmlegpGP.Rd:365): Warning: <h5> anchor "Usage" already defined
WrappedmlegpGP.html:614:1 (WrappedmlegpGP.Rd:369): Warning: <h5> anchor "Arguments" already defined
Flavor: r-devel-linux-x86_64-debian-gcc