CRAN Package Check Results for Package GenEst

Last updated on 2025-10-22 09:50:34 CEST.

Flavor Version Tinstall Tcheck Ttotal Status Flags
r-devel-linux-x86_64-debian-clang 1.4.9 28.03 220.53 248.56 NOTE
r-devel-linux-x86_64-debian-gcc 1.4.9 21.06 151.94 173.00 NOTE
r-devel-linux-x86_64-fedora-clang 1.4.9 74.00 321.94 395.94 NOTE
r-devel-linux-x86_64-fedora-gcc 1.4.9 65.00 314.71 379.71 NOTE
r-devel-windows-x86_64 1.4.9 34.00 249.00 283.00 NOTE
r-patched-linux-x86_64 1.4.9 31.54 212.51 244.05 NOTE
r-release-linux-x86_64 1.4.9 30.36 211.72 242.08 NOTE
r-release-macos-arm64 1.4.9 19.00 139.00 158.00 NOTE
r-release-macos-x86_64 1.4.9 26.00 194.00 220.00 NOTE
r-release-windows-x86_64 1.4.9 35.00 258.00 293.00 NOTE
r-oldrel-macos-arm64 1.4.9 13.00 92.00 105.00 NOTE
r-oldrel-macos-x86_64 1.4.9 20.00 161.00 181.00 NOTE
r-oldrel-windows-x86_64 1.4.9 46.00 319.00 365.00 NOTE

Check Details

Version: 1.4.9
Check: Rd files
Result: NOTE checkRd: (-1) cpm.Rd:70: Lost braces; missing escapes or markup? 70 | covariates included in \code{formula_l} or {formula_s} (required).} | ^ Flavors: r-devel-linux-x86_64-debian-clang, r-devel-linux-x86_64-debian-gcc, r-devel-linux-x86_64-fedora-clang, r-devel-linux-x86_64-fedora-gcc, r-devel-windows-x86_64, r-patched-linux-x86_64, r-release-linux-x86_64, r-release-macos-arm64, r-release-macos-x86_64, r-release-windows-x86_64, r-oldrel-macos-arm64, r-oldrel-macos-x86_64, r-oldrel-windows-x86_64

Version: 1.4.9
Check: HTML version of manual
Result: NOTE Found the following HTML validation problems: app_msg_functions.html:98:1 (app_msg_functions.Rd:61): Warning: missing </ul> before </div> app_output_utilities.html:89:1 (app_output_utilities.Rd:46): Warning: missing </ul> before </div> app_panels.html:63:1 (app_panels.Rd:26): Warning: missing </ul> before </div> app_ui_utilities.html:79:1 (app_ui_utilities.Rd:52): Warning: missing </ul> before </div> app_utilities.html:120:1 (app_utilities.Rd:72): Warning: missing </ul> before </div> cpmCPCellPlot.html:63:1 (cpmCPCellPlot.Rd:18): Warning: missing </ul> before </div> model_utility_functions.html:58:1 (model_utility_functions.Rd:25): Warning: missing </ul> before </div> plot.splitFull.html:75:1 (plot.splitFull.Rd:25): Warning: missing </ul> before </div> plot.splitSummary.html:79:1 (plot.splitSummary.Rd:24): Warning: missing </ul> before </div> print.cpm.html:51:1 (print.cpm.Rd:12): Warning: missing </ul> before </div> print.pkm.html:51:1 (print.pkm.Rd:12): Warning: missing </ul> before </div> simpleMplot.html:60:1 (simpleMplot.Rd:16): Warning: missing </ul> before </div> summary.estM.html:55:1 (summary.estM.Rd:14): Warning: missing </ul> before </div> update_input.html:68:1 (update_input.Rd:23): Warning: missing </ul> before </div> Flavors: r-devel-linux-x86_64-debian-clang, r-devel-linux-x86_64-debian-gcc