Last updated on 2025-10-22 09:50:34 CEST.
Flavor | Version | Tinstall | Tcheck | Ttotal | Status | Flags |
---|---|---|---|---|---|---|
r-devel-linux-x86_64-debian-clang | 0.1.0 | 4.59 | 46.26 | 50.85 | OK | |
r-devel-linux-x86_64-debian-gcc | 0.1.0 | 2.97 | 33.94 | 36.91 | OK | |
r-devel-linux-x86_64-fedora-clang | 0.1.0 | 10.00 | 64.79 | 74.79 | NOTE | |
r-devel-linux-x86_64-fedora-gcc | 0.1.0 | 69.72 | NOTE | |||
r-devel-windows-x86_64 | 0.1.0 | 6.00 | 64.00 | 70.00 | OK | |
r-patched-linux-x86_64 | 0.1.0 | 4.17 | 44.00 | 48.17 | OK | |
r-release-linux-x86_64 | 0.1.0 | 3.82 | 44.33 | 48.15 | OK | |
r-release-macos-arm64 | 0.1.0 | 3.00 | 29.00 | 32.00 | OK | |
r-release-macos-x86_64 | 0.1.0 | 4.00 | 46.00 | 50.00 | OK | |
r-release-windows-x86_64 | 0.1.0 | 6.00 | 59.00 | 65.00 | OK | |
r-oldrel-macos-arm64 | 0.1.0 | 2.00 | 23.00 | 25.00 | OK | |
r-oldrel-macos-x86_64 | 0.1.0 | 3.00 | 33.00 | 36.00 | OK | |
r-oldrel-windows-x86_64 | 0.1.0 | 7.00 | 78.00 | 85.00 | OK |
Version: 0.1.0
Check: dependencies in R code
Result: NOTE
Namespace in Imports field not imported from: ‘velociraptr’
All declared Imports should be used.
Flavors: r-devel-linux-x86_64-fedora-clang, r-devel-linux-x86_64-fedora-gcc