Last updated on 2025-07-04 09:49:53 CEST.
Flavor | Version | Tinstall | Tcheck | Ttotal | Status | Flags |
---|---|---|---|---|---|---|
r-devel-linux-x86_64-debian-clang | 2.0.1 | 46.44 | 96.66 | 143.10 | OK | |
r-devel-linux-x86_64-debian-gcc | 2.0.1 | 30.51 | 69.53 | 100.04 | OK | |
r-devel-linux-x86_64-fedora-clang | 2.0.1 | 218.38 | OK | |||
r-devel-linux-x86_64-fedora-gcc | 2.0.1 | 208.86 | OK | |||
r-devel-windows-x86_64 | 2.0.1 | 45.00 | 122.00 | 167.00 | OK | |
r-patched-linux-x86_64 | 2.0.1 | 37.98 | 89.91 | 127.89 | OK | |
r-release-linux-x86_64 | 2.0.1 | 41.98 | 88.70 | 130.68 | OK | |
r-release-macos-arm64 | 2.0.1 | 67.00 | OK | |||
r-release-macos-x86_64 | 2.0.1 | 144.00 | OK | |||
r-release-windows-x86_64 | 2.0.1 | 50.00 | 121.00 | 171.00 | OK | |
r-oldrel-macos-arm64 | 2.0.1 | 66.00 | NOTE | |||
r-oldrel-macos-x86_64 | 2.0.1 | 112.00 | NOTE | |||
r-oldrel-windows-x86_64 | 2.0.1 | 60.00 | 161.00 | 221.00 | NOTE |
Version: 2.0.1
Check: installed package size
Result: NOTE
installed size is 10.8Mb
sub-directories of 1Mb or more:
data 5.8Mb
libs 4.8Mb
Flavors: r-oldrel-macos-arm64, r-oldrel-macos-x86_64, r-oldrel-windows-x86_64