CRAN Package Check Results for Package HyRiM

Last updated on 2025-07-04 09:49:53 CEST.

Flavor Version Tinstall Tcheck Ttotal Status Flags
r-devel-linux-x86_64-debian-clang 2.0.2 5.16 49.14 54.30 NOTE
r-devel-linux-x86_64-debian-gcc 2.0.2 3.25 38.21 41.46 NOTE
r-devel-linux-x86_64-fedora-clang 2.0.2 87.13 OK
r-devel-linux-x86_64-fedora-gcc 2.0.2 95.13 OK
r-devel-windows-x86_64 2.0.2 7.00 94.00 101.00 OK
r-patched-linux-x86_64 2.0.2 6.47 46.84 53.31 OK
r-release-linux-x86_64 2.0.2 5.29 46.81 52.10 OK
r-release-macos-arm64 2.0.2 39.00 OK
r-release-macos-x86_64 2.0.2 64.00 OK
r-release-windows-x86_64 2.0.2 6.00 75.00 81.00 OK
r-oldrel-macos-arm64 2.0.2 33.00 OK
r-oldrel-macos-x86_64 2.0.2 45.00 OK
r-oldrel-windows-x86_64 2.0.2 9.00 88.00 97.00 OK

Check Details

Version: 2.0.2
Check: CRAN incoming feasibility
Result: NOTE Maintainer: ‘"Stefan Rass, on behalf of the Austrian Institute of Technology" <stefan.rass@jku.at>’ No Authors@R field in DESCRIPTION. Please add one, modifying Authors@R: c(person(given = "Stefan", family = "Rass", role = "aut"), person(given = "Sandra", family = "Koenig", role = "aut"), person(given = "Ali", family = "Alshawish", role = "aut"), person(given = "\"Stefan", family = "Rass", role = "cre"), person(given = c("on", "behalf", "of", "the", "Austrian", "Institute", "of"), family = "Technology\"", role = "cre", email = "stefan.rass@jku.at")) as necessary. Flavors: r-devel-linux-x86_64-debian-clang, r-devel-linux-x86_64-debian-gcc