Last updated on 2025-07-04 09:49:54 CEST.
Flavor | Version | Tinstall | Tcheck | Ttotal | Status | Flags |
---|---|---|---|---|---|---|
r-devel-linux-x86_64-debian-clang | 1.0.2 | 177.20 | 158.46 | 335.66 | OK | |
r-devel-linux-x86_64-debian-gcc | 1.0.2 | 122.77 | 126.53 | 249.30 | OK | |
r-devel-linux-x86_64-fedora-clang | 1.0.2 | 591.11 | OK | |||
r-devel-linux-x86_64-fedora-gcc | 1.0.2 | 534.66 | OK | |||
r-devel-windows-x86_64 | 1.0.2 | 191.00 | 201.00 | 392.00 | OK | |
r-patched-linux-x86_64 | 1.0.2 | 178.94 | 160.79 | 339.73 | OK | |
r-release-linux-x86_64 | 1.0.2 | 171.01 | 159.62 | 330.63 | OK | |
r-release-macos-arm64 | 1.0.2 | 142.00 | OK | |||
r-release-macos-x86_64 | 1.0.2 | 217.00 | OK | |||
r-release-windows-x86_64 | 1.0.2 | 194.00 | 196.00 | 390.00 | OK | |
r-oldrel-macos-arm64 | 1.0.2 | 164.00 | NOTE | |||
r-oldrel-macos-x86_64 | 1.0.2 | 202.00 | NOTE | |||
r-oldrel-windows-x86_64 | 1.0.2 | 226.00 | 244.00 | 470.00 | OK |
Version: 1.0.2
Check: installed package size
Result: NOTE
installed size is 22.5Mb
sub-directories of 1Mb or more:
libs 22.0Mb
Flavors: r-oldrel-macos-arm64, r-oldrel-macos-x86_64