Last updated on 2025-10-22 09:50:37 CEST.
Flavor | Version | Tinstall | Tcheck | Ttotal | Status | Flags |
---|---|---|---|---|---|---|
r-devel-linux-x86_64-debian-clang | 0.2.3 | 3.24 | 207.06 | 210.30 | NOTE | |
r-devel-linux-x86_64-debian-gcc | 0.2.3 | 2.48 | 130.48 | 132.96 | NOTE | |
r-devel-linux-x86_64-fedora-clang | 0.2.3 | 23.00 | 323.43 | 346.43 | OK | |
r-devel-linux-x86_64-fedora-gcc | 0.2.3 | 347.00 | OK | |||
r-devel-windows-x86_64 | 0.2.3 | 5.00 | 172.00 | 177.00 | OK | |
r-patched-linux-x86_64 | 0.2.3 | 4.10 | 200.08 | 204.18 | OK | |
r-release-linux-x86_64 | 0.2.3 | 3.58 | 196.37 | 199.95 | OK | |
r-release-macos-arm64 | 0.2.3 | 2.00 | 80.00 | 82.00 | OK | |
r-release-macos-x86_64 | 0.2.3 | 3.00 | 164.00 | 167.00 | OK | |
r-release-windows-x86_64 | 0.2.3 | 7.00 | 172.00 | 179.00 | OK | |
r-oldrel-macos-arm64 | 0.2.3 | 2.00 | 90.00 | 92.00 | OK | |
r-oldrel-macos-x86_64 | 0.2.3 | 3.00 | 169.00 | 172.00 | OK | |
r-oldrel-windows-x86_64 | 0.2.3 | 6.00 | 231.00 | 237.00 | OK |
Version: 0.2.3
Check: HTML version of manual
Result: NOTE
Found the following HTML validation problems:
print.indirect_index.html:56:1 (print.indirect_index.Rd:14): Warning: missing </ul> before </div>
print.mediation_model.html:56:1 (print.mediation_model.Rd:14): Warning: missing </ul> before </div>
Flavors: r-devel-linux-x86_64-debian-clang, r-devel-linux-x86_64-debian-gcc