CRAN Package Check Results for Package KnapsackSampling

Last updated on 2025-10-22 09:50:37 CEST.

Flavor Version Tinstall Tcheck Ttotal Status Flags
r-devel-linux-x86_64-debian-clang 0.1.1 1.68 19.54 21.22 NOTE
r-devel-linux-x86_64-debian-gcc 0.1.1 1.41 16.58 17.99 NOTE
r-devel-linux-x86_64-fedora-clang 0.1.1 30.56 OK
r-devel-linux-x86_64-fedora-gcc 0.1.1 28.85 OK
r-devel-windows-x86_64 0.1.1 2.00 42.00 44.00 OK
r-patched-linux-x86_64 0.1.1 1.69 18.79 20.48 OK
r-release-linux-x86_64 0.1.1 1.41 19.00 20.41 OK
r-release-macos-arm64 0.1.1 1.00 14.00 15.00 OK
r-release-macos-x86_64 0.1.1 2.00 23.00 25.00 OK
r-release-windows-x86_64 0.1.1 2.00 45.00 47.00 OK
r-oldrel-macos-arm64 0.1.1 1.00 14.00 15.00 OK
r-oldrel-macos-x86_64 0.1.1 1.00 21.00 22.00 OK
r-oldrel-windows-x86_64 0.1.1 3.00 46.00 49.00 OK

Check Details

Version: 0.1.1
Check: CRAN incoming feasibility
Result: NOTE Maintainer: ‘Chin Soon Lim <chinsoon12@hotmail.com>’ No Authors@R field in DESCRIPTION. Please add one, modifying Authors@R: person(given = c("Chin", "Soon"), family = "Lim", role = c("aut", "cre"), email = "chinsoon12@hotmail.com") as necessary. The BugReports field in DESCRIPTION has https://github.com/chinsoon12/KnapsackSampling which should likely be https://github.com/chinsoon12/KnapsackSampling/issues instead. Flavors: r-devel-linux-x86_64-debian-clang, r-devel-linux-x86_64-debian-gcc