Last updated on 2025-10-22 09:50:38 CEST.
Flavor | Version | Tinstall | Tcheck | Ttotal | Status | Flags |
---|---|---|---|---|---|---|
r-devel-linux-x86_64-debian-clang | 0.3.0 | 10.58 | 152.56 | 163.14 | NOTE | |
r-devel-linux-x86_64-debian-gcc | 0.3.0 | 7.34 | 108.17 | 115.51 | NOTE | |
r-devel-linux-x86_64-fedora-clang | 0.3.0 | 21.00 | 222.04 | 243.04 | NOTE | |
r-devel-linux-x86_64-fedora-gcc | 0.3.0 | 21.00 | 231.10 | 252.10 | NOTE | |
r-devel-windows-x86_64 | 0.3.0 | 14.00 | 177.00 | 191.00 | NOTE | |
r-patched-linux-x86_64 | 0.3.0 | 11.82 | 144.08 | 155.90 | NOTE | |
r-release-linux-x86_64 | 0.3.0 | 10.80 | 142.87 | 153.67 | NOTE | |
r-release-macos-arm64 | 0.3.0 | 4.00 | 64.00 | 68.00 | NOTE | |
r-release-macos-x86_64 | 0.3.0 | 10.00 | 134.00 | 144.00 | NOTE | |
r-release-windows-x86_64 | 0.3.0 | 14.00 | 183.00 | 197.00 | NOTE | |
r-oldrel-macos-arm64 | 0.3.0 | 5.00 | 68.00 | 73.00 | NOTE | |
r-oldrel-macos-x86_64 | 0.3.0 | 7.00 | 104.00 | 111.00 | NOTE | |
r-oldrel-windows-x86_64 | 0.3.0 | 18.00 | 211.00 | 229.00 | NOTE |
Version: 0.3.0
Check: Rd files
Result: NOTE
checkRd: (-1) TS_diagnostics_plot.Rd:19: Lost braces
19 | \item{interactive}{\code{logical} input, should be code{TRUE} unless
| ^
checkRd: (-1) plot.TS_fit.Rd:29: Lost braces
29 | \item{interactive}{\code{logical} input, should be code{TRUE} unless
| ^
Flavors: r-devel-linux-x86_64-debian-clang, r-devel-linux-x86_64-debian-gcc, r-devel-linux-x86_64-fedora-clang, r-devel-linux-x86_64-fedora-gcc, r-devel-windows-x86_64, r-patched-linux-x86_64, r-release-linux-x86_64, r-release-macos-arm64, r-release-macos-x86_64, r-release-windows-x86_64, r-oldrel-macos-arm64, r-oldrel-macos-x86_64, r-oldrel-windows-x86_64