Last updated on 2025-10-21 09:48:36 CEST.
Flavor | Version | Tinstall | Tcheck | Ttotal | Status | Flags |
---|---|---|---|---|---|---|
r-devel-linux-x86_64-debian-clang | 1.1.0 | 39.21 | 406.24 | 445.45 | OK | |
r-devel-linux-x86_64-debian-gcc | 1.1.0 | 25.23 | 265.41 | 290.64 | NOTE | |
r-devel-linux-x86_64-fedora-clang | 1.1.0 | 756.65 | NOTE | |||
r-devel-linux-x86_64-fedora-gcc | 1.1.0 | 733.85 | NOTE | |||
r-devel-windows-x86_64 | 1.1.0 | 40.00 | 349.00 | 389.00 | OK | |
r-patched-linux-x86_64 | 1.1.0 | 39.82 | 387.52 | 427.34 | OK | |
r-release-linux-x86_64 | 1.1.0 | 40.04 | 386.84 | 426.88 | OK | |
r-release-macos-arm64 | 1.1.0 | 191.00 | OK | |||
r-release-macos-x86_64 | 1.1.0 | 350.00 | OK | |||
r-release-windows-x86_64 | 1.1.0 | 43.00 | 349.00 | 392.00 | OK | |
r-oldrel-macos-arm64 | 1.1.0 | 153.00 | NOTE | |||
r-oldrel-macos-x86_64 | 1.1.0 | 275.00 | NOTE | |||
r-oldrel-windows-x86_64 | 1.1.0 | 57.00 | 480.00 | 537.00 | NOTE |
Version: 1.1.0
Check: HTML version of manual
Result: NOTE
Found the following HTML validation problems:
coef.mlmm.html:63:1 (coef.mlmm.Rd:20): Warning: missing </ul> before </div>
iid.lmm.html:93:1 (iid.lmm.Rd:40): Warning: missing </ul> before </div>
restaureNA.html:59:1 (restaureNA.Rd:17): Warning: missing </ul> before </div>
summary.mlmm.html:80:1 (summary.mlmm.Rd:31): Warning: missing </ul> before </div>
summary.partialCor.html:59:1 (summary.partialCor.Rd:16): Warning: missing </ul> before </div>
Flavors: r-devel-linux-x86_64-debian-gcc, r-devel-linux-x86_64-fedora-clang, r-devel-linux-x86_64-fedora-gcc
Version: 1.1.0
Check: installed package size
Result: NOTE
installed size is 7.0Mb
sub-directories of 1Mb or more:
R 2.1Mb
doc-overview 2.2Mb
Flavors: r-oldrel-macos-arm64, r-oldrel-macos-x86_64, r-oldrel-windows-x86_64