Last updated on 2025-10-21 09:48:37 CEST.
Flavor | Version | Tinstall | Tcheck | Ttotal | Status | Flags |
---|---|---|---|---|---|---|
r-devel-linux-x86_64-debian-clang | 0.6 | 15.15 | 106.71 | 121.86 | NOTE | |
r-devel-linux-x86_64-debian-gcc | 0.6 | 10.05 | 76.32 | 86.37 | NOTE | |
r-devel-linux-x86_64-fedora-clang | 0.6 | 187.97 | NOTE | |||
r-devel-linux-x86_64-fedora-gcc | 0.6 | 195.70 | NOTE | |||
r-devel-windows-x86_64 | 0.6 | 16.00 | 119.00 | 135.00 | NOTE | |
r-patched-linux-x86_64 | 0.6 | 15.27 | 99.09 | 114.36 | NOTE | |
r-release-linux-x86_64 | 0.6 | 13.65 | 100.43 | 114.08 | NOTE | |
r-release-macos-arm64 | 0.6 | 63.00 | WARN | |||
r-release-macos-x86_64 | 0.6 | 128.00 | WARN | |||
r-release-windows-x86_64 | 0.6 | 19.00 | 118.00 | 137.00 | NOTE | |
r-oldrel-macos-arm64 | 0.6 | 73.00 | WARN | |||
r-oldrel-macos-x86_64 | 0.6 | 144.00 | WARN | |||
r-oldrel-windows-x86_64 | 0.6 | 22.00 | 147.00 | 169.00 | OK |
Version: 0.6
Check: DESCRIPTION meta-information
Result: NOTE
Missing dependency on R >= 4.1.0 because package code uses the pipe
|> or function shorthand \(...) syntax added in R 4.1.0.
File(s) using such syntax:
‘add_plot_labels.Rd’ ‘datasim_helpers.R’ ‘datasim_make.Rd’
‘model_eval.R’ ‘model_eval.Rd’ ‘model_plot.R’ ‘model_skeleton.Rd’
‘model_values.R’ ‘model_values.Rd’ ‘mosaic_cull_for_do.Rd’ ‘ntiles.R’
‘ntiles.Rd’ ‘point_plot.R’ ‘point_plot.Rd’ ‘print.R’
‘random_terms.Rd’ ‘regression_summaries.Rd’ ‘sims.R’
‘statistical_annotations.Rd’ ‘trials.R’ ‘trials.Rd’ ‘zero_one.Rd’
Flavors: r-devel-linux-x86_64-debian-clang, r-devel-linux-x86_64-debian-gcc, r-devel-linux-x86_64-fedora-clang, r-devel-linux-x86_64-fedora-gcc, r-devel-windows-x86_64, r-patched-linux-x86_64, r-release-linux-x86_64, r-release-macos-arm64, r-release-windows-x86_64
Version: 0.6
Check: HTML version of manual
Result: NOTE
Found the following HTML validation problems:
model_family.html:59:1 (model_family.Rd:18): Warning: missing </ul> before </div>
print.datasim.html:55:1 (print.datasim.Rd:14): Warning: missing </ul> before </div>
print.model_object.html:51:1 (print.model_object.Rd:12): Warning: missing </ul> before </div>
split_tilde.html:46:1 (split_tilde.Rd:10): Warning: missing </ul> before </div>
utils.html:60:1 (utils.Rd:24): Warning: missing </ul> before </div>
Flavor: r-devel-linux-x86_64-debian-gcc
Version: 0.6
Check: loading without being on the library search path
Result: WARN
Error: package or namespace load failed for ‘LSTbook’:
.onLoad failed in loadNamespace() for 'LSTbook', details:
call: loadNamespace(name)
error: there is no package called ‘mosaicData’
Execution halted
It looks like this package has a loading problem when not on .libPaths:
see the messages for details.
Flavors: r-release-macos-arm64, r-release-macos-x86_64, r-oldrel-macos-arm64, r-oldrel-macos-x86_64
Version: 0.6
Check: DESCRIPTION meta-information
Result: NOTE
Missing dependency on R >= 4.1.0 because package code uses the pipe
|> or function shorthand \(...) syntax added in R 4.1.0.
File(s) using such syntax:
‘datasim_helpers.R’ ‘model_eval.R’ ‘model_plot.R’ ‘model_values.R’
‘ntiles.R’ ‘point_plot.R’ ‘print.R’ ‘sims.R’ ‘trials.R’
Flavor: r-release-macos-x86_64