Last updated on 2025-10-22 09:50:38 CEST.
Flavor | Version | Tinstall | Tcheck | Ttotal | Status | Flags |
---|---|---|---|---|---|---|
r-devel-linux-x86_64-debian-clang | 1.0.0 | 2.96 | 29.67 | 32.63 | NOTE | |
r-devel-linux-x86_64-debian-gcc | 1.0.0 | 1.89 | 22.51 | 24.40 | NOTE | |
r-devel-linux-x86_64-fedora-clang | 1.0.0 | 47.18 | OK | |||
r-devel-linux-x86_64-fedora-gcc | 1.0.0 | 45.57 | OK | |||
r-devel-windows-x86_64 | 1.0.0 | 4.00 | 46.00 | 50.00 | OK | |
r-patched-linux-x86_64 | 1.0.0 | 3.06 | 27.75 | 30.81 | OK | |
r-release-linux-x86_64 | 1.0.0 | 2.89 | 27.32 | 30.21 | OK | |
r-release-macos-arm64 | 1.0.0 | 2.00 | 16.00 | 18.00 | OK | |
r-release-macos-x86_64 | 1.0.0 | 2.00 | 28.00 | 30.00 | OK | |
r-release-windows-x86_64 | 1.0.0 | 5.00 | 47.00 | 52.00 | OK | |
r-oldrel-macos-arm64 | 1.0.0 | 1.00 | 16.00 | 17.00 | OK | |
r-oldrel-macos-x86_64 | 1.0.0 | 2.00 | 23.00 | 25.00 | OK | |
r-oldrel-windows-x86_64 | 1.0.0 | 4.00 | 55.00 | 59.00 | OK |
Version: 1.0.0
Check: HTML version of manual
Result: NOTE
Found the following HTML validation problems:
db1rl.html:48:1 (db1rl.Rd:12): Warning: missing </ul> before </div>
db2.html:48:1 (db2.Rd:12): Warning: missing </ul> before </div>
db3.html:48:1 (db3.Rd:12): Warning: missing </ul> before </div>
db_flowers.html:47:1 (db_flowers.Rd:11): Warning: missing </ul> before </div>
db_per_and.html:48:1 (db_per_and.Rd:12): Warning: missing </ul> before </div>
db_per_or.html:48:1 (db_per_or.Rd:12): Warning: missing </ul> before </div>
db_per_xor.html:48:1 (db_per_xor.Rd:12): Warning: missing </ul> before </div>
db_tree_struct.html:47:1 (db_tree_struct.Rd:11): Warning: missing </ul> before </div>
Flavors: r-devel-linux-x86_64-debian-clang, r-devel-linux-x86_64-debian-gcc