CRAN Package Check Results for Package MARSANNhybrid

Last updated on 2025-10-22 09:50:39 CEST.

Flavor Version Tinstall Tcheck Ttotal Status Flags
r-devel-linux-x86_64-debian-clang 0.1.0 1.81 20.68 22.49 OK
r-devel-linux-x86_64-debian-gcc 0.1.0 1.55 16.82 18.37 OK
r-devel-linux-x86_64-fedora-clang 0.1.0 32.92 OK
r-devel-linux-x86_64-fedora-gcc 0.1.0 31.60 OK
r-devel-windows-x86_64 0.1.0 3.00 38.00 41.00 OK
r-patched-linux-x86_64 0.1.0 1.86 19.49 21.35 OK
r-release-linux-x86_64 0.1.0 1.78 19.46 21.24 OK
r-release-macos-arm64 0.1.0 2.00 30.00 32.00 OK
r-release-macos-x86_64 0.1.0 2.00 23.00 25.00 OK
r-release-windows-x86_64 0.1.0 3.00 40.00 43.00 OK
r-oldrel-macos-arm64 0.1.0 1.00 15.00 16.00 NOTE
r-oldrel-macos-x86_64 0.1.0 2.00 24.00 26.00 NOTE
r-oldrel-windows-x86_64 0.1.0 4.00 43.00 47.00 NOTE

Check Details

Version: 0.1.0
Check: LazyData
Result: NOTE 'LazyData' is specified without a 'data' directory Flavors: r-oldrel-macos-arm64, r-oldrel-macos-x86_64, r-oldrel-windows-x86_64