Last updated on 2025-10-21 09:48:37 CEST.
Flavor | Version | Tinstall | Tcheck | Ttotal | Status | Flags |
---|---|---|---|---|---|---|
r-devel-linux-x86_64-debian-clang | 0.5.0 | 8.99 | 648.50 | 657.49 | OK | |
r-devel-linux-x86_64-debian-gcc | 0.5.0 | 6.80 | 447.86 | 454.66 | NOTE | |
r-devel-linux-x86_64-fedora-clang | 0.5.0 | 1126.28 | OK | |||
r-devel-linux-x86_64-fedora-gcc | 0.5.0 | 1208.48 | OK | |||
r-devel-windows-x86_64 | 0.5.0 | 14.00 | 810.00 | 824.00 | OK | |
r-patched-linux-x86_64 | 0.5.0 | 11.84 | 634.44 | 646.28 | OK | |
r-release-linux-x86_64 | 0.5.0 | 9.30 | 632.40 | 641.70 | OK | |
r-release-macos-arm64 | 0.5.0 | 371.00 | OK | |||
r-release-macos-x86_64 | 0.5.0 | 600.00 | OK | |||
r-release-windows-x86_64 | 0.5.0 | 13.00 | 808.00 | 821.00 | OK | |
r-oldrel-macos-arm64 | 0.5.0 | 292.00 | OK | |||
r-oldrel-macos-x86_64 | 0.5.0 | 668.00 | OK | |||
r-oldrel-windows-x86_64 | 0.5.0 | 19.00 | 1003.00 | 1022.00 | OK |
Version: 0.5.0
Check: HTML version of manual
Result: NOTE
Found the following HTML validation problems:
DR.comparisons.html:61:1 (DR.comparisons.Rd:19): Warning: missing </ul> before </div>
check.network.html:51:1 (check.network.Rd:13): Warning: missing </ul> before </div>
drop.comp.html:61:1 (drop.comp.Rd:18): Warning: missing </ul> before </div>
gen.parameters.to.save.html:55:1 (gen.parameters.to.save.Rd:15): Warning: missing </ul> before </div>
print.mbnma.network.html:51:1 (print.mbnma.network.Rd:12): Warning: missing </ul> before </div>
print.mbnma.predict.html:51:1 (print.mbnma.predict.Rd:12): Warning: missing </ul> before </div>
print.mbnma.rank.html:51:1 (print.mbnma.rank.Rd:12): Warning: missing </ul> before </div>
print.nma.nodesplit.html:51:1 (print.nma.nodesplit.Rd:12): Warning: missing </ul> before </div>
print.nodesplit.html:51:1 (print.nodesplit.Rd:12): Warning: missing </ul> before </div>
print.relative.array.html:57:1 (print.relative.array.Rd:15): Warning: missing </ul> before </div>
rank.html:50:1 (rank.Rd:12): Warning: missing </ul> before </div>
summary.mbnma.html:56:1 (summary.mbnma.Rd:15): Warning: missing </ul> before </div>
summary.mbnma.network.html:51:1 (summary.mbnma.network.Rd:12): Warning: missing </ul> before </div>
summary.nma.nodesplit.html:51:1 (summary.nma.nodesplit.Rd:12): Warning: missing </ul> before </div>
summary.nodesplit.html:51:1 (summary.nodesplit.Rd:12): Warning: missing </ul> before </div>
Flavor: r-devel-linux-x86_64-debian-gcc