Last updated on 2025-10-22 09:50:39 CEST.
Flavor | Version | Tinstall | Tcheck | Ttotal | Status | Flags |
---|---|---|---|---|---|---|
r-devel-linux-x86_64-debian-clang | 0.2.3 | 16.09 | 94.65 | 110.74 | NOTE | |
r-devel-linux-x86_64-debian-gcc | 0.2.3 | 10.50 | 64.35 | 74.85 | NOTE | |
r-devel-linux-x86_64-fedora-clang | 0.2.3 | 33.00 | 125.61 | 158.61 | OK | |
r-devel-linux-x86_64-fedora-gcc | 0.2.3 | 55.00 | 111.97 | 166.97 | OK | |
r-devel-windows-x86_64 | 0.2.3 | 16.00 | 90.00 | 106.00 | OK | |
r-patched-linux-x86_64 | 0.2.3 | 13.13 | 83.98 | 97.11 | OK | |
r-release-linux-x86_64 | 0.2.3 | 13.29 | 83.51 | 96.80 | OK | |
r-release-macos-arm64 | 0.2.3 | 5.00 | 32.00 | 37.00 | OK | |
r-release-macos-x86_64 | 0.2.3 | 11.00 | 60.00 | 71.00 | OK | |
r-release-windows-x86_64 | 0.2.3 | 19.00 | 90.00 | 109.00 | OK | |
r-oldrel-macos-arm64 | 0.2.3 | 6.00 | 32.00 | 38.00 | OK | |
r-oldrel-macos-x86_64 | 0.2.3 | 11.00 | 49.00 | 60.00 | OK | |
r-oldrel-windows-x86_64 | 0.2.3 | 21.00 | 117.00 | 138.00 | OK |
Version: 0.2.3
Check: CRAN incoming feasibility
Result: NOTE
Maintainer: ‘Alka Benawra <alkabenawra@rogers.com>’
No Authors@R field in DESCRIPTION.
Please add one, modifying
Authors@R: person(given = "Alka",
family = "Benawra",
role = c("aut", "cre"),
email = "alkabenawra@rogers.com")
as necessary.
Flavors: r-devel-linux-x86_64-debian-clang, r-devel-linux-x86_64-debian-gcc