Last updated on 2025-10-22 09:50:40 CEST.
Flavor | Version | Tinstall | Tcheck | Ttotal | Status | Flags |
---|---|---|---|---|---|---|
r-devel-linux-x86_64-debian-clang | 2.1.1 | 13.97 | 460.11 | 474.08 | NOTE | |
r-devel-linux-x86_64-debian-gcc | 2.1.1 | 10.71 | 284.76 | 295.47 | NOTE | |
r-devel-linux-x86_64-fedora-clang | 2.1.1 | 62.00 | 742.56 | 804.56 | OK | |
r-devel-linux-x86_64-fedora-gcc | 2.1.1 | 91.00 | 729.58 | 820.58 | OK | |
r-devel-windows-x86_64 | 2.1.1 | 15.00 | 359.00 | 374.00 | OK | |
r-patched-linux-x86_64 | 2.1.1 | 17.26 | 430.85 | 448.11 | OK | |
r-release-linux-x86_64 | 2.1.1 | 12.67 | 428.86 | 441.53 | OK | |
r-release-macos-arm64 | 2.1.1 | 6.00 | 202.00 | 208.00 | OK | |
r-release-macos-x86_64 | 2.1.1 | 12.00 | 408.00 | 420.00 | OK | |
r-release-windows-x86_64 | 2.1.1 | 15.00 | 359.00 | 374.00 | OK | |
r-oldrel-macos-arm64 | 2.1.1 | 6.00 | 162.00 | 168.00 | OK | |
r-oldrel-macos-x86_64 | 2.1.1 | 12.00 | 365.00 | 377.00 | OK | |
r-oldrel-windows-x86_64 | 2.1.1 | 22.00 | 488.00 | 510.00 | OK |
Version: 2.1.1
Check: HTML version of manual
Result: NOTE
Found the following HTML validation problems:
batch_migration_stage.html:66:1 (batch_migration_stage.Rd:20): Warning: missing </ul> before </div>
Flavors: r-devel-linux-x86_64-debian-clang, r-devel-linux-x86_64-debian-gcc