Last updated on 2025-10-21 09:48:37 CEST.
Flavor | Version | Tinstall | Tcheck | Ttotal | Status | Flags |
---|---|---|---|---|---|---|
r-devel-linux-x86_64-debian-clang | 1.0.0 | 2.39 | 42.96 | 45.35 | OK | |
r-devel-linux-x86_64-debian-gcc | 1.0.0 | 1.65 | 35.57 | 37.22 | NOTE | |
r-devel-linux-x86_64-fedora-clang | 1.0.0 | 71.61 | NOTE | |||
r-devel-linux-x86_64-fedora-gcc | 1.0.0 | 92.48 | NOTE | |||
r-devel-windows-x86_64 | 1.0.0 | 4.00 | 66.00 | 70.00 | OK | |
r-patched-linux-x86_64 | 1.0.0 | 2.78 | 41.85 | 44.63 | OK | |
r-release-linux-x86_64 | 1.0.0 | 2.22 | 41.58 | 43.80 | OK | |
r-release-macos-arm64 | 1.0.0 | 47.00 | OK | |||
r-release-macos-x86_64 | 1.0.0 | 68.00 | OK | |||
r-release-windows-x86_64 | 1.0.0 | 4.00 | 69.00 | 73.00 | OK | |
r-oldrel-macos-arm64 | 1.0.0 | 45.00 | OK | |||
r-oldrel-macos-x86_64 | 1.0.0 | 53.00 | OK | |||
r-oldrel-windows-x86_64 | 1.0.0 | 5.00 | 72.00 | 77.00 | OK |
Version: 1.0.0
Check: HTML version of manual
Result: NOTE
Found the following HTML validation problems:
Interface.html:810:1 (Interface.Rd:530): Warning: missing </ul> before </div>
Interface.html:168:1 (Interface.Rd:82): Warning: <h5> anchor "Usage" already defined
Interface.html:180:1 (Interface.Rd:92): Warning: <h5> anchor "Arguments" already defined
Interface.html:225:1 (Interface.Rd:126): Warning: <h5> anchor "Usage" already defined
Interface.html:242:1 (Interface.Rd:141): Warning: <h5> anchor "Arguments" already defined
Interface.html:277:1 (Interface.Rd:170): Warning: <h5> anchor "Returns" already defined
Interface.html:297:1 (Interface.Rd:183): Warning: <h5> anchor "Usage" already defined
Interface.html:312:1 (Interface.Rd:196): Warning: <h5> anchor "Arguments" already defined
Interface.html:339:1 (Interface.Rd:217): Warning: <h5> anchor "Returns" already defined
Interface.html:356:1 (Interface.Rd:226): Warning: <h5> anchor "Usage" already defined
Interface.html:370:1 (Interface.Rd:238): Warning: <h5> anchor "Arguments" already defined
Interface.html:405:1 (Interface.Rd:263): Warning: <h5> anchor "Usage" already defined
Interface.html:420:1 (Interface.Rd:276): Warning: <h5> anchor "Arguments" already defined
Interface.html:457:1 (Interface.Rd:303): Warning: <h5> anchor "Usage" already defined
Interface.html:470:1 (Interface.Rd:314): Warning: <h5> anchor "Arguments" already defined
Interface.html:503:1 (Interface.Rd:337): Warning: <h5> anchor "Usage" already defined
Interface.html:509:1 (Interface.Rd:341): Warning: <h5> anchor "Arguments" already defined
Interface.html:550:1 (Interface.Rd:372): Warning: <h5> anchor "Usage" already defined
Interface.html:556:1 (Interface.Rd:376): Warning: <h5> anchor "Arguments" already defined
Interface.html:585:1 (Interface.Rd:395): Warning: <h5> anchor "Usage" already defined
Interface.html:601:1 (Interface.Rd:405): Warning: <h5> anchor "Usage" already defined
Interface.html:607:1 (Interface.Rd:409): Warning: <h5> anchor "Arguments" already defined
Interface.html:630:1 (Interface.Rd:422): Warning: <h5> anchor "Usage" already defined
Interface.html:636:1 (Interface.Rd:426): Warning: <h5> anchor "Arguments" already defined
Interface.html:662:1 (Interface.Rd:442): Warning: <h5> anchor "Usage" already defined
Interface.html:668:1 (Interface.Rd:446): Warning: <h5> anchor "Arguments" already defined
Interface.html:693:1 (Interface.Rd:461): Warning: <h5> anchor "Usage" already defined
Interface.html:699:1 (Interface.Rd:465): Warning: <h5> anchor "Arguments" already defined
Interface.html:724:1 (Interface.Rd:480): Warning: <h5> anchor "Usage" already defined
Interface.html:730:1 (Interface.Rd:484): Warning: <h5> anchor "Arguments" already defined
Interface.html:753:1 (Interface.Rd:497): Warning: <h5> anchor "Usage" already defined
Interface.html:762:1 (Interface.Rd:504): Warning: <h5> anchor "Arguments" already defined
Interface.html:787:1 (Interface.Rd:519): Warning: <h5> anchor "Usage" already defined
Interface.html:793:1 (Interface.Rd:523): Warning: <h5> anchor "Arguments" already defined
Flavor: r-devel-linux-x86_64-debian-gcc
Version: 1.0.0
Check: dependencies in R code
Result: NOTE
Namespaces in Imports field not imported from:
‘R6’ ‘reticulate’
All declared Imports should be used.
Flavors: r-devel-linux-x86_64-fedora-clang, r-devel-linux-x86_64-fedora-gcc