CRAN Package Check Results for Package MIIVsem

Last updated on 2025-10-21 09:48:38 CEST.

Flavor Version Tinstall Tcheck Ttotal Status Flags
r-devel-linux-x86_64-debian-clang 0.5.8 5.71 38.26 43.97 NOTE
r-devel-linux-x86_64-debian-gcc 0.5.8 3.81 27.17 30.98 NOTE
r-devel-linux-x86_64-fedora-clang 0.5.8 63.58 NOTE
r-devel-linux-x86_64-fedora-gcc 0.5.8 65.67 NOTE
r-devel-windows-x86_64 0.5.8 8.00 53.00 61.00 NOTE
r-patched-linux-x86_64 0.5.8 5.56 34.12 39.68 NOTE
r-release-linux-x86_64 0.5.8 5.53 34.71 40.24 NOTE
r-release-macos-arm64 0.5.8 22.00 NOTE
r-release-macos-x86_64 0.5.8 35.00 NOTE
r-release-windows-x86_64 0.5.8 7.00 55.00 62.00 NOTE
r-oldrel-macos-arm64 0.5.8 22.00 NOTE
r-oldrel-macos-x86_64 0.5.8 30.00 NOTE
r-oldrel-windows-x86_64 0.5.8 10.00 64.00 74.00 NOTE

Check Details

Version: 0.5.8
Check: Rd files
Result: NOTE checkRd: (-1) miive.Rd:120-239: Lost braces in \itemize; meant \describe ? checkRd: (-1) miive.Rd:241-264: Lost braces in \itemize; meant \describe ? checkRd: (-1) miive.Rd:266-277: Lost braces in \itemize; meant \describe ? checkRd: (-1) miive.Rd:279-286: Lost braces in \itemize; meant \describe ? checkRd: (-1) miive.Rd:288-293: Lost braces in \itemize; meant \describe ? checkRd: (-1) miive.Rd:295-311: Lost braces in \itemize; meant \describe ? checkRd: (-1) miive.Rd:313-337: Lost braces in \itemize; meant \describe ? checkRd: (-1) miive.Rd:339-352: Lost braces in \itemize; meant \describe ? checkRd: (-1) miive.Rd:353-370: Lost braces in \itemize; meant \describe ? checkRd: (-1) miive.Rd:426: Lost braces 426 | \link{MIIVsem}{miivs} | ^ checkRd: (-1) miivs.Rd:33-160: Lost braces in \itemize; meant \describe ? Flavors: r-devel-linux-x86_64-debian-clang, r-devel-linux-x86_64-debian-gcc, r-devel-linux-x86_64-fedora-clang, r-devel-linux-x86_64-fedora-gcc, r-devel-windows-x86_64, r-patched-linux-x86_64, r-release-linux-x86_64, r-release-macos-arm64, r-release-macos-x86_64, r-release-windows-x86_64, r-oldrel-macos-arm64, r-oldrel-macos-x86_64, r-oldrel-windows-x86_64

Version: 0.5.8
Check: HTML version of manual
Result: NOTE Found the following HTML validation problems: buildRestrictMat.html:52:1 (buildRestrictMat.Rd:10): Warning: missing </ul> before </div> buildSSCP.html:61:1 (buildSSCP.Rd:14): Warning: missing </ul> before </div> estimatesTable.html:54:1 (estimatesTable.Rd:14): Warning: missing </ul> before </div> miive.2sls.html:62:1 (miive.2sls.Rd:18): Warning: missing </ul> before </div> print.miive.html:51:1 (print.miive.Rd:12): Warning: missing </ul> before </div> print.miivs.html:51:1 (print.miivs.Rd:12): Warning: missing </ul> before </div> summary.miivs.html:65:1 (summary.miivs.Rd:22): Warning: missing </ul> before </div> Flavor: r-devel-linux-x86_64-debian-gcc