Last updated on 2025-10-22 09:50:39 CEST.
Flavor | Version | Tinstall | Tcheck | Ttotal | Status | Flags |
---|---|---|---|---|---|---|
r-devel-linux-x86_64-debian-clang | 2.3 | 4.80 | 35.17 | 39.97 | NOTE | |
r-devel-linux-x86_64-debian-gcc | 2.3 | 3.27 | 27.15 | 30.42 | NOTE | |
r-devel-linux-x86_64-fedora-clang | 2.3 | 11.00 | 47.96 | 58.96 | NOTE | |
r-devel-linux-x86_64-fedora-gcc | 2.3 | 15.00 | 45.10 | 60.10 | NOTE | |
r-devel-windows-x86_64 | 2.3 | 6.00 | 52.00 | 58.00 | NOTE | |
r-patched-linux-x86_64 | 2.3 | 4.92 | 33.88 | 38.80 | NOTE | |
r-release-linux-x86_64 | 2.3 | 4.59 | 33.62 | 38.21 | NOTE | |
r-release-macos-arm64 | 2.3 | 2.00 | 21.00 | 23.00 | NOTE | |
r-release-macos-x86_64 | 2.3 | 7.00 | 51.00 | 58.00 | NOTE | |
r-release-windows-x86_64 | 2.3 | 6.00 | 55.00 | 61.00 | NOTE | |
r-oldrel-macos-arm64 | 2.3 | 2.00 | 24.00 | 26.00 | NOTE | |
r-oldrel-macos-x86_64 | 2.3 | 3.00 | 28.00 | 31.00 | NOTE | |
r-oldrel-windows-x86_64 | 2.3 | 6.00 | 52.00 | 58.00 | NOTE |
Version: 2.3
Check: CRAN incoming feasibility
Result: NOTE
Maintainer: ‘Andrey A Shabalin <andrey.shabalin@gmail.com>’
Package CITATION file contains call(s) to old-style personList() or
as.personList(). Please use c() on person objects instead.
Package CITATION file contains call(s) to old-style citEntry(). Please
use bibentry() instead.
Flavors: r-devel-linux-x86_64-debian-clang, r-devel-linux-x86_64-debian-gcc
Version: 2.3
Check: Rd files
Result: NOTE
checkRd: (-1) Matrix_eQTL_main.Rd:31: Lost braces; missing escapes or markup?
31 | {genepos} in the call of \code{Matrix_eQTL_main} function.
| ^
checkRd: (-1) Matrix_eQTL_main.Rd:35: Lost braces; missing escapes or markup?
35 | the data frames \code{snpspos} and {genepos}.
| ^
Flavors: r-devel-linux-x86_64-debian-clang, r-devel-linux-x86_64-debian-gcc, r-devel-linux-x86_64-fedora-clang, r-devel-linux-x86_64-fedora-gcc, r-devel-windows-x86_64, r-patched-linux-x86_64, r-release-linux-x86_64, r-release-macos-arm64, r-release-macos-x86_64, r-release-windows-x86_64, r-oldrel-macos-arm64, r-oldrel-macos-x86_64, r-oldrel-windows-x86_64