Last updated on 2025-10-22 09:50:43 CEST.
Flavor | Version | Tinstall | Tcheck | Ttotal | Status | Flags |
---|---|---|---|---|---|---|
r-devel-linux-x86_64-debian-clang | 1.16.0 | 6.88 | 177.52 | 184.40 | NOTE | |
r-devel-linux-x86_64-debian-gcc | 1.16.0 | 4.15 | 122.99 | 127.14 | NOTE | |
r-devel-linux-x86_64-fedora-clang | 1.16.0 | 16.00 | 276.47 | 292.47 | OK | |
r-devel-linux-x86_64-fedora-gcc | 1.16.0 | 13.00 | 269.21 | 282.21 | OK | |
r-devel-windows-x86_64 | 1.16.0 | 7.00 | 241.00 | 248.00 | OK | |
r-patched-linux-x86_64 | 1.16.0 | 8.13 | 166.07 | 174.20 | OK | |
r-release-linux-x86_64 | 1.16.0 | 6.13 | 166.52 | 172.65 | OK | |
r-release-macos-arm64 | 1.16.0 | 3.00 | 133.00 | 136.00 | OK | |
r-release-macos-x86_64 | 1.16.0 | 5.00 | 216.00 | 221.00 | OK | |
r-release-windows-x86_64 | 1.16.0 | 10.00 | 246.00 | 256.00 | OK | |
r-oldrel-macos-arm64 | 1.16.0 | 3.00 | 117.00 | 120.00 | OK | |
r-oldrel-macos-x86_64 | 1.16.0 | 5.00 | 234.00 | 239.00 | OK | |
r-oldrel-windows-x86_64 | 1.16.0 | 8.00 | 291.00 | 299.00 | OK |
Version: 1.16.0
Check: HTML version of manual
Result: NOTE
Found the following HTML validation problems:
shared-upset.html:77:1 (shared-upset.Rd:28): Warning: missing </ul> before </div>
Flavors: r-devel-linux-x86_64-debian-clang, r-devel-linux-x86_64-debian-gcc