Last updated on 2025-10-21 09:48:40 CEST.
Flavor | Version | Tinstall | Tcheck | Ttotal | Status | Flags |
---|---|---|---|---|---|---|
r-devel-linux-x86_64-debian-clang | 0.1.18 | 19.38 | 143.89 | 163.27 | OK | |
r-devel-linux-x86_64-debian-gcc | 0.1.18 | 10.61 | 93.48 | 104.09 | NOTE | |
r-devel-linux-x86_64-fedora-clang | 0.1.18 | 259.10 | OK | |||
r-devel-linux-x86_64-fedora-gcc | 0.1.18 | 227.04 | OK | |||
r-devel-windows-x86_64 | 0.1.18 | 21.00 | 177.00 | 198.00 | OK | |
r-patched-linux-x86_64 | 0.1.18 | 17.04 | 134.66 | 151.70 | OK | |
r-release-linux-x86_64 | 0.1.18 | 17.51 | 132.53 | 150.04 | OK | |
r-release-macos-arm64 | 0.1.18 | 55.00 | OK | |||
r-release-macos-x86_64 | 0.1.18 | 123.00 | OK | |||
r-release-windows-x86_64 | 0.1.18 | 23.00 | 183.00 | 206.00 | OK | |
r-oldrel-macos-arm64 | 0.1.18 | 59.00 | OK | |||
r-oldrel-macos-x86_64 | 0.1.18 | 121.00 | OK | |||
r-oldrel-windows-x86_64 | 0.1.18 | 29.00 | 233.00 | 262.00 | OK |
Version: 0.1.18
Check: HTML version of manual
Result: NOTE
Found the following HTML validation problems:
addVarianceExplainedToBiplot2d.html:123:1 (addVarianceExplainedToBiplot2d.Rd:63): Warning: missing </ul> before </div>
convertImportObjectToRepGridObject.html:47:1 (convertImportObjectToRepGridObject.Rd:10): Warning: missing </ul> before </div>
convertScivescoImportObjectToRepGridObject.html:48:1 (convertScivescoImportObjectToRepGridObject.Rd:11): Warning: missing </ul> before </div>
decouple.html:46:1 (decouple.Rd:10): Warning: missing </ul> before </div>
formatMatrix.html:80:1 (formatMatrix.Rd:32): Warning: missing </ul> before </div>
grid_to_df_long.html:46:1 (grid_to_df_long.Rd:10): Warning: missing </ul> before </div>
grid_to_df_wide.html:46:1 (grid_to_df_wide.Rd:10): Warning: missing </ul> before </div>
gridlist.html:56:1 (gridlist.Rd:18): Warning: missing </ul> before </div>
is.repgrid.html:46:1 (is.repgrid.Rd:10): Warning: missing </ul> before </div>
plot.indexDilemma.html:106:1 (plot.indexDilemma.Rd:48): Warning: missing </ul> before </div>
preferredPolesByIdeal.html:60:1 (preferredPolesByIdeal.Rd:16): Warning: missing </ul> before </div>
print.alignByLoadings.html:64:1 (print.alignByLoadings.Rd:21): Warning: missing </ul> before </div>
print.constructCor.html:72:1 (print.constructCor.Rd:25): Warning: missing </ul> before </div>
print.constructD.html:63:1 (print.constructD.Rd:20): Warning: missing </ul> before </div>
print.constructPca.html:59:1 (print.constructPca.Rd:16): Warning: missing </ul> before </div>
print.distance.html:85:1 (print.distance.Rd:36): Warning: missing </ul> before </div>
print.elementCor.html:68:1 (print.elementCor.Rd:23): Warning: missing </ul> before </div>
print.gridlist.html:51:1 (print.gridlist.Rd:12): Warning: missing </ul> before </div>
print.hdistance.html:93:1 (print.hdistance.Rd:40): Warning: missing </ul> before </div>
print.indexBieri.html:56:1 (print.indexBieri.Rd:15): Warning: missing </ul> before </div>
print.indexConflict1.html:55:1 (print.indexConflict1.Rd:14): Warning: missing </ul> before </div>
print.indexConflict2.html:60:1 (print.indexConflict2.Rd:17): Warning: missing </ul> before </div>
print.indexConflict3.html:65:1 (print.indexConflict3.Rd:20): Warning: missing </ul> before </div>
print.indexDilemma.html:64:1 (print.indexDilemma.Rd:21): Warning: missing </ul> before </div>
print.indexDilemmatic.html:52:1 (print.indexDilemmatic.Rd:13): Warning: missing </ul> before </div>
print.indexIntensity.html:56:1 (print.indexIntensity.Rd:15): Warning: missing </ul> before </div>
print.indexPolarization.html:53:1 (print.indexPolarization.Rd:14): Warning: missing </ul> before </div>
print.org.matches.html:81:1 (print.org.matches.Rd:32): Warning: missing </ul> before </div>
print.rmsCor.html:56:1 (print.rmsCor.Rd:15): Warning: missing </ul> before </div>
print.ssq.html:68:1 (print.ssq.Rd:23): Warning: missing </ul> before </div>
print.statsConstructs.html:56:1 (print.statsConstructs.Rd:15): Warning: missing </ul> before </div>
print.statsElements.html:56:1 (print.statsElements.Rd:15): Warning: missing </ul> before </div>
print_square_matrix.html:74:1 (print_square_matrix.Rd:27): Warning: missing </ul> before </div>
rglDrawConstructLabels.html:73:1 (rglDrawConstructLabels.Rd:27): Warning: missing </ul> before </div>
rglDrawConstructPoints.html:68:1 (rglDrawConstructPoints.Rd:24): Warning: missing </ul> before </div>
rglDrawStandardAxes.html:83:1 (rglDrawStandardAxes.Rd:33): Warning: missing </ul> before </div>
rglDrawStandardEllipses.html:54:1 (rglDrawStandardEllipses.Rd:14): Warning: missing </ul> before </div>
settingsLoad.html:48:1 (settingsLoad.Rd:10): Warning: missing </ul> before </div>
settingsSave.html:47:1 (settingsSave.Rd:10): Warning: missing </ul> before </div>
show-repgrid-method.html:47:1 (show-repgrid-method.Rd:10): Warning: missing </ul> before </div>
slaterStandardization.html:47:1 (slaterStandardization.Rd:10): Warning: missing </ul> before </div>
stop_if_not_0_1_ratings_only.html:50:1 (stop_if_not_0_1_ratings_only.Rd:12): Warning: missing </ul> before </div>
stop_if_not_in_element_range.html:50:1 (stop_if_not_in_element_range.Rd:12): Warning: missing </ul> before </div>
stop_if_not_is_repgrid.html:50:1 (stop_if_not_is_repgrid.Rd:12): Warning: missing </ul> before </div>
stop_if_scale_not_defined.html:46:1 (stop_if_scale_not_defined.Rd:10): Warning: missing </ul> before </div>
Flavor: r-devel-linux-x86_64-debian-gcc