Last updated on 2025-10-21 09:48:40 CEST.
Flavor | Version | Tinstall | Tcheck | Ttotal | Status | Flags |
---|---|---|---|---|---|---|
r-devel-linux-x86_64-debian-clang | 1.2.1 | 20.30 | 95.92 | 116.22 | OK | |
r-devel-linux-x86_64-debian-gcc | 1.2.1 | 12.24 | 67.29 | 79.53 | NOTE | |
r-devel-linux-x86_64-fedora-clang | 1.2.1 | 190.29 | OK | |||
r-devel-linux-x86_64-fedora-gcc | 1.2.1 | 183.27 | OK | |||
r-devel-windows-x86_64 | 1.2.1 | 26.00 | 123.00 | 149.00 | OK | |
r-patched-linux-x86_64 | 1.2.1 | 19.54 | 87.65 | 107.19 | OK | |
r-release-linux-x86_64 | 1.2.1 | 18.71 | 88.52 | 107.23 | OK | |
r-release-macos-arm64 | 1.2.1 | 57.00 | OK | |||
r-release-macos-x86_64 | 1.2.1 | 90.00 | OK | |||
r-release-windows-x86_64 | 1.2.1 | 27.00 | 124.00 | 151.00 | OK | |
r-oldrel-macos-arm64 | 1.2.1 | 56.00 | OK | |||
r-oldrel-macos-x86_64 | 1.2.1 | 96.00 | OK | |||
r-oldrel-windows-x86_64 | 1.2.1 | 32.00 | 158.00 | 190.00 | OK |
Version: 1.2.1
Check: HTML version of manual
Result: NOTE
Found the following HTML validation problems:
equivalent_at.html:56:1 (equivalent_at.Rd:19): Warning: missing </ul> before </div>
get_ree_internal.html:124:1 (get_ree_internal.Rd:73): Warning: missing </ul> before </div>
metabolic_row_wise.html:59:1 (metabolic_row_wise.Rd:23): Warning: missing </ul> before </div>
paired_equivalence_wrapper.html:94:1 (paired_equivalence_wrapper.Rd:42): Warning: missing </ul> before </div>
reconstruct_transitions.html:49:1 (reconstruct_transitions.Rd:11): Warning: missing </ul> before </div>
Flavor: r-devel-linux-x86_64-debian-gcc