Last updated on 2025-10-22 09:50:44 CEST.
Flavor | Version | Tinstall | Tcheck | Ttotal | Status | Flags |
---|---|---|---|---|---|---|
r-devel-linux-x86_64-debian-clang | 1.2.15 | 24.39 | 283.23 | 307.62 | NOTE | |
r-devel-linux-x86_64-debian-gcc | 1.2.15 | 18.50 | 189.43 | 207.93 | NOTE | |
r-devel-linux-x86_64-fedora-clang | 1.2.15 | 161.00 | 338.65 | 499.65 | OK | |
r-devel-linux-x86_64-fedora-gcc | 1.2.15 | 109.00 | 399.61 | 508.61 | OK | |
r-devel-windows-x86_64 | 1.2.15 | 28.00 | 245.00 | 273.00 | OK | |
r-patched-linux-x86_64 | 1.2.15 | 27.10 | 261.41 | 288.51 | OK | |
r-release-linux-x86_64 | 1.2.15 | 24.66 | 262.88 | 287.54 | OK | |
r-release-macos-arm64 | 1.2.15 | 10.00 | 100.00 | 110.00 | OK | |
r-release-macos-x86_64 | 1.2.15 | 28.00 | 230.00 | 258.00 | OK | |
r-release-windows-x86_64 | 1.2.15 | 28.00 | 247.00 | 275.00 | OK | |
r-oldrel-macos-arm64 | 1.2.15 | 10.00 | 98.00 | 108.00 | OK | |
r-oldrel-macos-x86_64 | 1.2.15 | 27.00 | 222.00 | 249.00 | OK | |
r-oldrel-windows-x86_64 | 1.2.15 | 39.00 | 332.00 | 371.00 | OK |
Version: 1.2.15
Check: HTML version of manual
Result: NOTE
Found the following HTML validation problems:
PCMAbCdEf.html:96:1 (PCMAbCdEf.Rd:46): Warning: missing </ul> before </div>
PCMTreeEdgeTimes.html:46:1 (PCMTreeEdgeTimes.Rd:10): Warning: missing </ul> before </div>
Flavors: r-devel-linux-x86_64-debian-clang, r-devel-linux-x86_64-debian-gcc